{"id":5773,"date":"2023-10-25T14:25:02","date_gmt":"2023-10-25T14:25:02","guid":{"rendered":"https:\/\/agenciayork.com\/hdf\/producto\/magret-de-pato-pechuga\/"},"modified":"2024-10-14T23:19:20","modified_gmt":"2024-10-15T02:19:20","slug":"magret-de-pato-pechuga","status":"publish","type":"product","link":"https:\/\/agenciayork.com\/hdf\/producto\/magret-de-pato-pechuga\/","title":{"rendered":"Magret de Pato (Pechuga)"},"content":{"rendered":"\t\t<div data-elementor-type=\"wp-post\" data-elementor-id=\"5773\" class=\"elementor elementor-5773\">\n\t\t\t\t<div class=\"elementor-element elementor-element-9c61df6 e-flex e-con-boxed e-con e-parent\" data-id=\"9c61df6\" data-element_type=\"container\">\n\t\t\t\t\t<div class=\"e-con-inner\">\n\t\t\t\t<div class=\"elementor-element elementor-element-7b58fd3 elementor-widget elementor-widget-nest-title-v1\" data-id=\"7b58fd3\" data-element_type=\"widget\" data-widget_type=\"nest-title-v1.default\">\n\t\t\t\t<div class=\"elementor-widget-container\">\n\t\t\t        <div class=\"section_title type_one\">\r\n                            <h4 class=\"mb-20 text-brand\"> Magret de pato<\/h4>\r\n                                                    <p class=\"mb-20\"> El \u00ab magret de canard \u00bb es la pechuga del pato, un plato t\u00edpico de Francia. Es de las pocas carnes rojas de ave y otro punto importante: es muy saludable.<\/p>\r\n                    <\/div>\r\n    \t\t<\/div>\n\t\t\t\t<\/div>\n\t\t\t\t\t<\/div>\n\t\t\t\t<\/div>\n\t\t<div class=\"elementor-element elementor-element-d359500 e-flex e-con-boxed e-con e-parent\" data-id=\"d359500\" data-element_type=\"container\">\n\t\t\t\t\t<div class=\"e-con-inner\">\n\t\t\t\t<div class=\"elementor-element elementor-element-be266b4 elementor-widget-divider--view-line elementor-widget elementor-widget-divider\" data-id=\"be266b4\" data-element_type=\"widget\" data-widget_type=\"divider.default\">\n\t\t\t\t<div class=\"elementor-widget-container\">\n\t\t\t\t\t<div class=\"elementor-divider\">\n\t\t\t<span class=\"elementor-divider-separator\">\n\t\t\t\t\t\t<\/span>\n\t\t<\/div>\n\t\t\t\t<\/div>\n\t\t\t\t<\/div>\n\t\t\t\t\t<\/div>\n\t\t\t\t<\/div>\n\t\t<div class=\"elementor-element elementor-element-989ea36 e-flex e-con-boxed e-con e-parent\" data-id=\"989ea36\" data-element_type=\"container\">\n\t\t\t\t\t<div class=\"e-con-inner\">\n\t\t<div class=\"elementor-element elementor-element-f4cb3fa e-con-full e-flex e-con e-child\" data-id=\"f4cb3fa\" data-element_type=\"container\">\n\t\t\t\t<div class=\"elementor-element elementor-element-350c527 elementor-widget elementor-widget-image\" data-id=\"350c527\" data-element_type=\"widget\" data-widget_type=\"image.default\">\n\t\t\t\t<div class=\"elementor-widget-container\">\n\t\t\t\t\t\t\t\t\t\t\t\t\t<img fetchpriority=\"high\" decoding=\"async\" width=\"300\" height=\"300\" src=\"https:\/\/agenciayork.com\/hdf\/wp-content\/uploads\/2024\/08\/Magret-de-pato-300x300.png\" class=\"attachment-medium size-medium wp-image-11303\" alt=\"Magret de pato\" srcset=\"https:\/\/agenciayork.com\/hdf\/wp-content\/uploads\/2024\/08\/Magret-de-pato-300x300.png 300w, https:\/\/agenciayork.com\/hdf\/wp-content\/uploads\/2024\/08\/Magret-de-pato-1024x1024.png 1024w, https:\/\/agenciayork.com\/hdf\/wp-content\/uploads\/2024\/08\/Magret-de-pato-150x150.png 150w, https:\/\/agenciayork.com\/hdf\/wp-content\/uploads\/2024\/08\/Magret-de-pato-768x768.png 768w, https:\/\/agenciayork.com\/hdf\/wp-content\/uploads\/2024\/08\/Magret-de-pato-600x600.png 600w, https:\/\/agenciayork.com\/hdf\/wp-content\/uploads\/2024\/08\/Magret-de-pato-100x100.png 100w, https:\/\/agenciayork.com\/hdf\/wp-content\/uploads\/2024\/08\/Magret-de-pato-50x50.png 50w, https:\/\/agenciayork.com\/hdf\/wp-content\/uploads\/2024\/08\/Magret-de-pato-64x64.png 64w, https:\/\/agenciayork.com\/hdf\/wp-content\/uploads\/2024\/08\/Magret-de-pato.png 1080w\" sizes=\"(max-width: 300px) 100vw, 300px\" \/>\t\t\t\t\t\t\t\t\t\t\t\t\t<\/div>\n\t\t\t\t<\/div>\n\t\t\t\t<\/div>\n\t\t<div class=\"elementor-element elementor-element-f553313 e-con-full e-flex e-con e-child\" data-id=\"f553313\" data-element_type=\"container\">\n\t\t\t\t<div class=\"elementor-element elementor-element-6bc698d elementor-widget elementor-widget-heading\" data-id=\"6bc698d\" data-element_type=\"widget\" data-widget_type=\"heading.default\">\n\t\t\t\t<div class=\"elementor-widget-container\">\n\t\t\t<h2 class=\"elementor-heading-title elementor-size-default\">UN PRODUCTO ESTRELLA DE LA COCINA FRANCESA<\/h2>\t\t<\/div>\n\t\t\t\t<\/div>\n\t\t\t\t<div class=\"elementor-element elementor-element-c84bec4 elementor-widget elementor-widget-nest-text-editor-v1\" data-id=\"c84bec4\" data-element_type=\"widget\" data-widget_type=\"nest-text-editor-v1.default\">\n\t\t\t\t<div class=\"elementor-widget-container\">\n\t\t\t   <div class=\"custom_text_editor position-relative\">\r\n        <p>El <em>magret<\/em> de pato representa la <strong>pechuga del pato<\/strong>, un plato ic\u00f3nico de la gastronom\u00eda francesa. Distinguido por ser una de las pocas carnes rojas de ave, se destaca no solo por su sabor exquisito, sino tambi\u00e9n por sus propiedades saludables.<\/p><p>El <em>magret<\/em> de pato franc\u00e9s, joya culinaria, est\u00e1 disponible desde $14.000. Criado en campo abierto, cada pechuga var\u00eda entre 310 gramos y 500 gramos. Se recomienda calcular al menos <strong>150 gramos por persona<\/strong> para disfrutar plenamente de esta delicia.<\/p><p>Este producto se ofrece en estado <strong>crudo<\/strong> y <strong>congelado<\/strong>, garantizando su frescura y preservando sus cualidades naturales. La versatilidad del magret de pato permite a los aficionados culinarios experimentar con diversas preparaciones, desde t\u00e9cnicas de cocci\u00f3n especializadas hasta combinaciones de sabores \u00fanicas.<\/p><p>Ya sea para una ocasi\u00f3n especial o para elevar la rutina diaria, el <em>magret<\/em> de pato ofrece una opci\u00f3n <strong>gourmet<\/strong> que captura la esencia de la cocina francesa en cada bocado. La elecci\u00f3n de patos criados en campo abierto aporta una dimensi\u00f3n adicional a su sabor, incorporando notas de autenticidad y tradici\u00f3n a la experiencia culinaria.<\/p>    <\/div>\r\n\t\t<\/div>\n\t\t\t\t<\/div>\n\t\t\t\t<\/div>\n\t\t\t\t\t<\/div>\n\t\t\t\t<\/div>\n\t\t<div class=\"elementor-element elementor-element-2b2a479 e-flex e-con-boxed e-con e-parent\" data-id=\"2b2a479\" data-element_type=\"container\">\n\t\t\t\t\t<div class=\"e-con-inner\">\n\t\t\t\t<div class=\"elementor-element elementor-element-2516f30 elementor-widget-divider--view-line elementor-widget elementor-widget-divider\" data-id=\"2516f30\" data-element_type=\"widget\" data-widget_type=\"divider.default\">\n\t\t\t\t<div class=\"elementor-widget-container\">\n\t\t\t\t\t<div class=\"elementor-divider\">\n\t\t\t<span class=\"elementor-divider-separator\">\n\t\t\t\t\t\t<\/span>\n\t\t<\/div>\n\t\t\t\t<\/div>\n\t\t\t\t<\/div>\n\t\t\t\t\t<\/div>\n\t\t\t\t<\/div>\n\t\t<div class=\"elementor-element elementor-element-d6ddfaa e-flex e-con-boxed e-con e-parent\" data-id=\"d6ddfaa\" data-element_type=\"container\">\n\t\t\t\t\t<div class=\"e-con-inner\">\n\t\t<div class=\"elementor-element elementor-element-40c70c1 e-con-full e-flex e-con e-child\" data-id=\"40c70c1\" data-element_type=\"container\">\n\t\t\t\t<div class=\"elementor-element elementor-element-a5faf2e elementor-widget elementor-widget-heading\" data-id=\"a5faf2e\" data-element_type=\"widget\" data-widget_type=\"heading.default\">\n\t\t\t\t<div class=\"elementor-widget-container\">\n\t\t\t<h2 class=\"elementor-heading-title elementor-size-default\">UNA RECETA SIMPLE Y EXQUISITA <\/h2>\t\t<\/div>\n\t\t\t\t<\/div>\n\t\t\t\t<div class=\"elementor-element elementor-element-2b829fb elementor-widget elementor-widget-nest-text-editor-v1\" data-id=\"2b829fb\" data-element_type=\"widget\" data-widget_type=\"nest-text-editor-v1.default\">\n\t\t\t\t<div class=\"elementor-widget-container\">\n\t\t\t   <div class=\"custom_text_editor position-relative\">\r\n        <p><strong>1.<\/strong> Hacer <strong>cortes en cruz<\/strong> del lado de la grasa con un cuchillo, sin llegar a la carne. <strong>Salpimentar<\/strong> generosamente.<\/p><p><strong>2.<\/strong> <strong>Colocar<\/strong> el <em>magret<\/em> por el lado de la grasa, en un sart\u00e9n y cocinar a fuego muy lento por <strong>10-12 minutos<\/strong> (sin agregar nada de aceite), sacando la grasa derretida en un bowl.<\/p><p><strong>3.<\/strong> Cuando est\u00e9 bien <strong>dorado<\/strong> del lado de la grasa, darle <strong>vuelta<\/strong> y cocinar el lado carne por <strong>3 minutos<\/strong>. Luego retirar del sart\u00e9n y dejar <strong>reposar<\/strong> 5 minutos.<\/p><p><strong>4.<\/strong> <strong>Cortar<\/strong> en laminas y servir con papas doradas en la grasa del pato u otras verduras. Ali\u00f1ar con una salsa de naranja o bals\u00e1mico a la miel.<\/p><p>Para acompa\u00f1ar esta exquisitez, se sugiere un <a href=\"https:\/\/agenciayork.com\/hdf\/producto\/gratin-dauphinois\/\">gratin dauphinois<\/a>\u00a0<a href=\"https:\/\/agenciayork.com\/hdf\/producto\/gratin-dauphinois-individual\/\">(milhojas de papas)<\/a> con una <a href=\"https:\/\/agenciayork.com\/hdf\/producto\/ratatouille\/\">ratatouille<\/a>, proporcionando una textura crujiente que complementa a la perfecci\u00f3n la jugosidad del magret de pato.\u00a0<\/p><p><em>Bon app\u00e9tit !\u00a0<\/em><\/p>    <\/div>\r\n\t\t<\/div>\n\t\t\t\t<\/div>\n\t\t\t\t<\/div>\n\t\t<div class=\"elementor-element elementor-element-9b11add e-con-full e-flex e-con e-child\" data-id=\"9b11add\" data-element_type=\"container\">\n\t\t\t\t<div class=\"elementor-element elementor-element-dda2602 elementor-widget elementor-widget-image\" data-id=\"dda2602\" data-element_type=\"widget\" data-widget_type=\"image.default\">\n\t\t\t\t<div class=\"elementor-widget-container\">\n\t\t\t\t\t\t\t\t\t\t\t\t\t<img decoding=\"async\" width=\"300\" height=\"300\" src=\"https:\/\/agenciayork.com\/hdf\/wp-content\/uploads\/2024\/08\/Magret_de_pato-1080-300x300.jpg\" class=\"attachment-medium size-medium wp-image-11302\" alt=\"Magret de pato\" srcset=\"https:\/\/agenciayork.com\/hdf\/wp-content\/uploads\/2024\/08\/Magret_de_pato-1080-300x300.jpg 300w, https:\/\/agenciayork.com\/hdf\/wp-content\/uploads\/2024\/08\/Magret_de_pato-1080-1024x1024.jpg 1024w, https:\/\/agenciayork.com\/hdf\/wp-content\/uploads\/2024\/08\/Magret_de_pato-1080-150x150.jpg 150w, https:\/\/agenciayork.com\/hdf\/wp-content\/uploads\/2024\/08\/Magret_de_pato-1080-768x768.jpg 768w, https:\/\/agenciayork.com\/hdf\/wp-content\/uploads\/2024\/08\/Magret_de_pato-1080-600x600.jpg 600w, https:\/\/agenciayork.com\/hdf\/wp-content\/uploads\/2024\/08\/Magret_de_pato-1080-100x100.jpg 100w, https:\/\/agenciayork.com\/hdf\/wp-content\/uploads\/2024\/08\/Magret_de_pato-1080-50x50.jpg 50w, https:\/\/agenciayork.com\/hdf\/wp-content\/uploads\/2024\/08\/Magret_de_pato-1080-64x64.jpg 64w, https:\/\/agenciayork.com\/hdf\/wp-content\/uploads\/2024\/08\/Magret_de_pato-1080.jpg 1080w\" sizes=\"(max-width: 300px) 100vw, 300px\" \/>\t\t\t\t\t\t\t\t\t\t\t\t\t<\/div>\n\t\t\t\t<\/div>\n\t\t\t\t<\/div>\n\t\t\t\t\t<\/div>\n\t\t\t\t<\/div>\n\t\t\t\t<\/div>\n\t\t","protected":false},"excerpt":{"rendered":"<p><strong>Por ser animal criado en campo abierto el peso de cada pechuga es variable. Puede variar de 310 gr a 450 gr. Considerar 150 gr por persona.<\/strong><\/p>\n<p>El \u00ab <em>magret de canard<\/em> \u00bb es la pechuga del pato, un plato t\u00edpico de Francia.\u00a0Es de las pocas carnes rojas de ave y otro punto importante: es muy saludable.<\/p>\n<p>Este plato franc\u00e9s se cocina en un sart\u00e9n o a la parrilla. Y se sirve cortado en finas rebanadas, acompa\u00f1ado de un milhojas de papas, o de vegetales salteados.<\/p>\n<p><strong>Producto crudo y congelado<\/strong><\/p>\n","protected":false},"featured_media":8776,"template":"","meta":[],"product_brand":[],"product_cat":[175,126,135],"product_tag":[],"class_list":{"0":"post-5773","1":"product","2":"type-product","3":"status-publish","4":"has-post-thumbnail","6":"product_cat-especial-parrilla","7":"product_cat-mis-imperdibles","8":"product_cat-pato","10":"first","11":"instock","12":"shipping-taxable","13":"purchasable","14":"product-type-variable"},"yoast_head":"<!-- This site is optimized with the Yoast SEO plugin v27.5 - https:\/\/yoast.com\/product\/yoast-seo-wordpress\/ -->\n<title>Magret de Pato (Pechuga) - H\u00e9l\u00e8ne de Fleurac<\/title>\n<meta name=\"description\" content=\"Descubre la aut\u00e9ntica cocina francesa con nuestro Magret de Pato Franc\u00e9s. R\u00e1pido y f\u00e1cil de preparar, sigue los consejos de preparaci\u00f3n y listo !\" \/>\n<meta name=\"robots\" content=\"index, follow, max-snippet:-1, max-image-preview:large, max-video-preview:-1\" \/>\n<link rel=\"canonical\" href=\"https:\/\/agenciayork.com\/hdf\/producto\/magret-de-pato-pechuga\/\" \/>\n<meta property=\"og:locale\" content=\"es_ES\" \/>\n<meta property=\"og:type\" content=\"article\" \/>\n<meta property=\"og:title\" content=\"Magret de Pato (Pechuga) - H\u00e9l\u00e8ne de Fleurac\" \/>\n<meta property=\"og:description\" content=\"Descubre la aut\u00e9ntica cocina francesa con nuestro Magret de Pato Franc\u00e9s. R\u00e1pido y f\u00e1cil de preparar, sigue los consejos de preparaci\u00f3n y listo !\" \/>\n<meta property=\"og:url\" content=\"https:\/\/agenciayork.com\/hdf\/producto\/magret-de-pato-pechuga\/\" \/>\n<meta property=\"og:site_name\" content=\"H\u00e9l\u00e8ne de Fleurac\" \/>\n<meta property=\"article:modified_time\" content=\"2024-10-15T02:19:20+00:00\" \/>\n<meta property=\"og:image\" content=\"https:\/\/agenciayork.com\/hdf\/wp-content\/uploads\/2024\/01\/Magret-de-pato.png\" \/>\n\t<meta property=\"og:image:width\" content=\"1080\" \/>\n\t<meta property=\"og:image:height\" content=\"1080\" \/>\n\t<meta property=\"og:image:type\" content=\"image\/png\" \/>\n<meta name=\"twitter:card\" content=\"summary_large_image\" \/>\n<meta name=\"twitter:label1\" content=\"Tiempo estimado de lectura\" \/>\n\t<meta name=\"twitter:data1\" content=\"3 minutos\" \/>\n<script type=\"application\/ld+json\" class=\"yoast-schema-graph\">{\"@context\":\"https:\\\/\\\/schema.org\",\"@graph\":[{\"@type\":\"WebPage\",\"@id\":\"https:\\\/\\\/agenciayork.com\\\/hdf\\\/producto\\\/magret-de-pato-pechuga\\\/\",\"url\":\"https:\\\/\\\/agenciayork.com\\\/hdf\\\/producto\\\/magret-de-pato-pechuga\\\/\",\"name\":\"Magret de Pato (Pechuga) - H\u00e9l\u00e8ne de Fleurac\",\"isPartOf\":{\"@id\":\"https:\\\/\\\/agenciayork.com\\\/hdf\\\/#website\"},\"primaryImageOfPage\":{\"@id\":\"https:\\\/\\\/agenciayork.com\\\/hdf\\\/producto\\\/magret-de-pato-pechuga\\\/#primaryimage\"},\"image\":{\"@id\":\"https:\\\/\\\/agenciayork.com\\\/hdf\\\/producto\\\/magret-de-pato-pechuga\\\/#primaryimage\"},\"thumbnailUrl\":\"https:\\\/\\\/agenciayork.com\\\/hdf\\\/wp-content\\\/uploads\\\/2024\\\/01\\\/Magret-de-pato.png\",\"datePublished\":\"2023-10-25T14:25:02+00:00\",\"dateModified\":\"2024-10-15T02:19:20+00:00\",\"description\":\"Descubre la aut\u00e9ntica cocina francesa con nuestro Magret de Pato Franc\u00e9s. R\u00e1pido y f\u00e1cil de preparar, sigue los consejos de preparaci\u00f3n y listo !\",\"breadcrumb\":{\"@id\":\"https:\\\/\\\/agenciayork.com\\\/hdf\\\/producto\\\/magret-de-pato-pechuga\\\/#breadcrumb\"},\"inLanguage\":\"es-CL\",\"potentialAction\":[{\"@type\":\"ReadAction\",\"target\":[\"https:\\\/\\\/agenciayork.com\\\/hdf\\\/producto\\\/magret-de-pato-pechuga\\\/\"]}]},{\"@type\":\"ImageObject\",\"inLanguage\":\"es-CL\",\"@id\":\"https:\\\/\\\/agenciayork.com\\\/hdf\\\/producto\\\/magret-de-pato-pechuga\\\/#primaryimage\",\"url\":\"https:\\\/\\\/agenciayork.com\\\/hdf\\\/wp-content\\\/uploads\\\/2024\\\/01\\\/Magret-de-pato.png\",\"contentUrl\":\"https:\\\/\\\/agenciayork.com\\\/hdf\\\/wp-content\\\/uploads\\\/2024\\\/01\\\/Magret-de-pato.png\",\"width\":1080,\"height\":1080,\"caption\":\"Magret de pato\"},{\"@type\":\"BreadcrumbList\",\"@id\":\"https:\\\/\\\/agenciayork.com\\\/hdf\\\/producto\\\/magret-de-pato-pechuga\\\/#breadcrumb\",\"itemListElement\":[{\"@type\":\"ListItem\",\"position\":1,\"name\":\"Portada\",\"item\":\"https:\\\/\\\/agenciayork.com\\\/hdf\\\/\"},{\"@type\":\"ListItem\",\"position\":2,\"name\":\"Tienda\",\"item\":\"https:\\\/\\\/agenciayork.com\\\/hdf\\\/mejores-productos-de-la-gastronomia-francesa\\\/\"},{\"@type\":\"ListItem\",\"position\":3,\"name\":\"Magret de Pato (Pechuga)\"}]},{\"@type\":\"WebSite\",\"@id\":\"https:\\\/\\\/agenciayork.com\\\/hdf\\\/#website\",\"url\":\"https:\\\/\\\/agenciayork.com\\\/hdf\\\/\",\"name\":\"H\u00e9l\u00e8ne de Fleurac\",\"description\":\"Gastronom\u00eda francesa\",\"potentialAction\":[{\"@type\":\"SearchAction\",\"target\":{\"@type\":\"EntryPoint\",\"urlTemplate\":\"https:\\\/\\\/agenciayork.com\\\/hdf\\\/?s={search_term_string}\"},\"query-input\":{\"@type\":\"PropertyValueSpecification\",\"valueRequired\":true,\"valueName\":\"search_term_string\"}}],\"inLanguage\":\"es-CL\"}]}<\/script>\n<!-- \/ Yoast SEO plugin. -->","yoast_head_json":{"title":"Magret de Pato (Pechuga) - H\u00e9l\u00e8ne de Fleurac","description":"Descubre la aut\u00e9ntica cocina francesa con nuestro Magret de Pato Franc\u00e9s. R\u00e1pido y f\u00e1cil de preparar, sigue los consejos de preparaci\u00f3n y listo !","robots":{"index":"index","follow":"follow","max-snippet":"max-snippet:-1","max-image-preview":"max-image-preview:large","max-video-preview":"max-video-preview:-1"},"canonical":"https:\/\/agenciayork.com\/hdf\/producto\/magret-de-pato-pechuga\/","og_locale":"es_ES","og_type":"article","og_title":"Magret de Pato (Pechuga) - H\u00e9l\u00e8ne de Fleurac","og_description":"Descubre la aut\u00e9ntica cocina francesa con nuestro Magret de Pato Franc\u00e9s. R\u00e1pido y f\u00e1cil de preparar, sigue los consejos de preparaci\u00f3n y listo !","og_url":"https:\/\/agenciayork.com\/hdf\/producto\/magret-de-pato-pechuga\/","og_site_name":"H\u00e9l\u00e8ne de Fleurac","article_modified_time":"2024-10-15T02:19:20+00:00","og_image":[{"width":1080,"height":1080,"url":"https:\/\/agenciayork.com\/hdf\/wp-content\/uploads\/2024\/01\/Magret-de-pato.png","type":"image\/png"}],"twitter_card":"summary_large_image","twitter_misc":{"Tiempo estimado de lectura":"3 minutos"},"schema":{"@context":"https:\/\/schema.org","@graph":[{"@type":"WebPage","@id":"https:\/\/agenciayork.com\/hdf\/producto\/magret-de-pato-pechuga\/","url":"https:\/\/agenciayork.com\/hdf\/producto\/magret-de-pato-pechuga\/","name":"Magret de Pato (Pechuga) - H\u00e9l\u00e8ne de Fleurac","isPartOf":{"@id":"https:\/\/agenciayork.com\/hdf\/#website"},"primaryImageOfPage":{"@id":"https:\/\/agenciayork.com\/hdf\/producto\/magret-de-pato-pechuga\/#primaryimage"},"image":{"@id":"https:\/\/agenciayork.com\/hdf\/producto\/magret-de-pato-pechuga\/#primaryimage"},"thumbnailUrl":"https:\/\/agenciayork.com\/hdf\/wp-content\/uploads\/2024\/01\/Magret-de-pato.png","datePublished":"2023-10-25T14:25:02+00:00","dateModified":"2024-10-15T02:19:20+00:00","description":"Descubre la aut\u00e9ntica cocina francesa con nuestro Magret de Pato Franc\u00e9s. R\u00e1pido y f\u00e1cil de preparar, sigue los consejos de preparaci\u00f3n y listo !","breadcrumb":{"@id":"https:\/\/agenciayork.com\/hdf\/producto\/magret-de-pato-pechuga\/#breadcrumb"},"inLanguage":"es-CL","potentialAction":[{"@type":"ReadAction","target":["https:\/\/agenciayork.com\/hdf\/producto\/magret-de-pato-pechuga\/"]}]},{"@type":"ImageObject","inLanguage":"es-CL","@id":"https:\/\/agenciayork.com\/hdf\/producto\/magret-de-pato-pechuga\/#primaryimage","url":"https:\/\/agenciayork.com\/hdf\/wp-content\/uploads\/2024\/01\/Magret-de-pato.png","contentUrl":"https:\/\/agenciayork.com\/hdf\/wp-content\/uploads\/2024\/01\/Magret-de-pato.png","width":1080,"height":1080,"caption":"Magret de pato"},{"@type":"BreadcrumbList","@id":"https:\/\/agenciayork.com\/hdf\/producto\/magret-de-pato-pechuga\/#breadcrumb","itemListElement":[{"@type":"ListItem","position":1,"name":"Portada","item":"https:\/\/agenciayork.com\/hdf\/"},{"@type":"ListItem","position":2,"name":"Tienda","item":"https:\/\/agenciayork.com\/hdf\/mejores-productos-de-la-gastronomia-francesa\/"},{"@type":"ListItem","position":3,"name":"Magret de Pato (Pechuga)"}]},{"@type":"WebSite","@id":"https:\/\/agenciayork.com\/hdf\/#website","url":"https:\/\/agenciayork.com\/hdf\/","name":"H\u00e9l\u00e8ne de Fleurac","description":"Gastronom\u00eda francesa","potentialAction":[{"@type":"SearchAction","target":{"@type":"EntryPoint","urlTemplate":"https:\/\/agenciayork.com\/hdf\/?s={search_term_string}"},"query-input":{"@type":"PropertyValueSpecification","valueRequired":true,"valueName":"search_term_string"}}],"inLanguage":"es-CL"}]}},"_links":{"self":[{"href":"https:\/\/agenciayork.com\/hdf\/wp-json\/wp\/v2\/product\/5773","targetHints":{"allow":["GET"]}}],"collection":[{"href":"https:\/\/agenciayork.com\/hdf\/wp-json\/wp\/v2\/product"}],"about":[{"href":"https:\/\/agenciayork.com\/hdf\/wp-json\/wp\/v2\/types\/product"}],"version-history":[{"count":25,"href":"https:\/\/agenciayork.com\/hdf\/wp-json\/wp\/v2\/product\/5773\/revisions"}],"predecessor-version":[{"id":12293,"href":"https:\/\/agenciayork.com\/hdf\/wp-json\/wp\/v2\/product\/5773\/revisions\/12293"}],"wp:featuredmedia":[{"embeddable":true,"href":"https:\/\/agenciayork.com\/hdf\/wp-json\/wp\/v2\/media\/8776"}],"wp:attachment":[{"href":"https:\/\/agenciayork.com\/hdf\/wp-json\/wp\/v2\/media?parent=5773"}],"wp:term":[{"taxonomy":"product_brand","embeddable":true,"href":"https:\/\/agenciayork.com\/hdf\/wp-json\/wp\/v2\/product_brand?post=5773"},{"taxonomy":"product_cat","embeddable":true,"href":"https:\/\/agenciayork.com\/hdf\/wp-json\/wp\/v2\/product_cat?post=5773"},{"taxonomy":"product_tag","embeddable":true,"href":"https:\/\/agenciayork.com\/hdf\/wp-json\/wp\/v2\/product_tag?post=5773"}],"curies":[{"name":"wp","href":"https:\/\/api.w.org\/{rel}","templated":true}]}}