{"id":5814,"date":"2023-10-25T14:25:44","date_gmt":"2023-10-25T14:25:44","guid":{"rendered":"https:\/\/agenciayork.com\/hdf\/producto\/mousse-de-foie-con-pistachos-y-almendras\/"},"modified":"2024-09-17T14:25:26","modified_gmt":"2024-09-17T17:25:26","slug":"mousse-de-foie-con-pistachos-y-almendras","status":"publish","type":"product","link":"https:\/\/agenciayork.com\/hdf\/producto\/mousse-de-foie-con-pistachos-y-almendras\/","title":{"rendered":"Mousse de foie con pistachos y almendras"},"content":{"rendered":"\t\t<div data-elementor-type=\"wp-post\" data-elementor-id=\"5814\" class=\"elementor elementor-5814\">\n\t\t\t\t<div class=\"elementor-element elementor-element-c672e45 e-flex e-con-boxed e-con e-parent\" data-id=\"c672e45\" data-element_type=\"container\">\n\t\t\t\t\t<div class=\"e-con-inner\">\n\t\t\t\t<div class=\"elementor-element elementor-element-bb23f76 elementor-widget elementor-widget-nest-title-v1\" data-id=\"bb23f76\" data-element_type=\"widget\" data-widget_type=\"nest-title-v1.default\">\n\t\t\t\t<div class=\"elementor-widget-container\">\n\t\t\t        <div class=\"section_title type_one\">\r\n                            <h4 class=\"mb-20 text-brand\"> Mousse de foie con pistachos y almendras<\/h4>\r\n                                                    <p class=\"mb-20\"> Te invito a descubrir mi mousse de foie con pistachos y almendras, un imperdible de la gastronom\u00eda francesa. Con su textura cremosa y sus sabores delicados, marca la diferencia en un aperitivo o una comida, y se disfruta sin moderaci\u00f3n!<\/p>\r\n                    <\/div>\r\n    \t\t<\/div>\n\t\t\t\t<\/div>\n\t\t\t\t\t<\/div>\n\t\t\t\t<\/div>\n\t\t<div class=\"elementor-element elementor-element-17c270f e-flex e-con-boxed e-con e-parent\" data-id=\"17c270f\" data-element_type=\"container\">\n\t\t\t\t\t<div class=\"e-con-inner\">\n\t\t\t\t<div class=\"elementor-element elementor-element-a16c0a0 elementor-widget-divider--view-line elementor-widget elementor-widget-divider\" data-id=\"a16c0a0\" data-element_type=\"widget\" data-widget_type=\"divider.default\">\n\t\t\t\t<div class=\"elementor-widget-container\">\n\t\t\t\t\t<div class=\"elementor-divider\">\n\t\t\t<span class=\"elementor-divider-separator\">\n\t\t\t\t\t\t<\/span>\n\t\t<\/div>\n\t\t\t\t<\/div>\n\t\t\t\t<\/div>\n\t\t\t\t\t<\/div>\n\t\t\t\t<\/div>\n\t\t<div class=\"elementor-element elementor-element-88d74d5 e-flex e-con-boxed e-con e-parent\" data-id=\"88d74d5\" data-element_type=\"container\">\n\t\t\t\t\t<div class=\"e-con-inner\">\n\t\t<div class=\"elementor-element elementor-element-0768ce5 e-con-full e-flex e-con e-child\" data-id=\"0768ce5\" data-element_type=\"container\">\n\t\t\t\t<div class=\"elementor-element elementor-element-820bb09 elementor-widget elementor-widget-image\" data-id=\"820bb09\" data-element_type=\"widget\" data-widget_type=\"image.default\">\n\t\t\t\t<div class=\"elementor-widget-container\">\n\t\t\t\t\t\t\t\t\t\t\t\t\t<img fetchpriority=\"high\" decoding=\"async\" width=\"300\" height=\"300\" src=\"https:\/\/agenciayork.com\/hdf\/wp-content\/uploads\/2023\/10\/MoussePistachosAlmendras2023-1-300x300.jpg\" class=\"attachment-medium size-medium wp-image-6081\" alt=\"\" srcset=\"https:\/\/agenciayork.com\/hdf\/wp-content\/uploads\/2023\/10\/MoussePistachosAlmendras2023-1-300x300.jpg 300w, https:\/\/agenciayork.com\/hdf\/wp-content\/uploads\/2023\/10\/MoussePistachosAlmendras2023-1-1024x1024.jpg 1024w, https:\/\/agenciayork.com\/hdf\/wp-content\/uploads\/2023\/10\/MoussePistachosAlmendras2023-1-150x150.jpg 150w, https:\/\/agenciayork.com\/hdf\/wp-content\/uploads\/2023\/10\/MoussePistachosAlmendras2023-1-768x768.jpg 768w, https:\/\/agenciayork.com\/hdf\/wp-content\/uploads\/2023\/10\/MoussePistachosAlmendras2023-1-600x600.jpg 600w, https:\/\/agenciayork.com\/hdf\/wp-content\/uploads\/2023\/10\/MoussePistachosAlmendras2023-1-100x100.jpg 100w, https:\/\/agenciayork.com\/hdf\/wp-content\/uploads\/2023\/10\/MoussePistachosAlmendras2023-1-50x50.jpg 50w, https:\/\/agenciayork.com\/hdf\/wp-content\/uploads\/2023\/10\/MoussePistachosAlmendras2023-1-64x64.jpg 64w, https:\/\/agenciayork.com\/hdf\/wp-content\/uploads\/2023\/10\/MoussePistachosAlmendras2023-1.jpg 1080w\" sizes=\"(max-width: 300px) 100vw, 300px\" \/>\t\t\t\t\t\t\t\t\t\t\t\t\t<\/div>\n\t\t\t\t<\/div>\n\t\t\t\t<\/div>\n\t\t<div class=\"elementor-element elementor-element-3c7d0b6 e-con-full e-flex e-con e-child\" data-id=\"3c7d0b6\" data-element_type=\"container\">\n\t\t\t\t<div class=\"elementor-element elementor-element-ce72b6f elementor-widget elementor-widget-heading\" data-id=\"ce72b6f\" data-element_type=\"widget\" data-widget_type=\"heading.default\">\n\t\t\t\t<div class=\"elementor-widget-container\">\n\t\t\t<h4 class=\"elementor-heading-title elementor-size-default\">RECETA CASERA Y deliciosa<br>una textura suave y llena de sabores<\/h4>\t\t<\/div>\n\t\t\t\t<\/div>\n\t\t\t\t<div class=\"elementor-element elementor-element-194fe98 elementor-widget elementor-widget-nest-text-editor-v1\" data-id=\"194fe98\" data-element_type=\"widget\" data-widget_type=\"nest-text-editor-v1.default\">\n\t\t\t\t<div class=\"elementor-widget-container\">\n\t\t\t   <div class=\"custom_text_editor position-relative\">\r\n        <p>La mousse de foie con Pistachos y Almendras se presenta como una joya culinaria que redefine la experiencia gourmet. Este mousse, elaborado a base de panitas de pollo, no solo brinda una <strong>textura<\/strong> <strong>untuosa<\/strong>, sino que tambi\u00e9n incorpora la sorprendente adici\u00f3n de <strong>pedacitos<\/strong> <strong>crujientes<\/strong> de <strong>pistachos<\/strong> y <strong>almendras<\/strong>, creando una sinfon\u00eda de <strong>sabores<\/strong> y texturas que deleitar\u00e1 los sentidos. Considerado un aut\u00e9ntico <strong>\"must-have\"<\/strong> culinario, este producto es la elecci\u00f3n ideal para garantizar el \u00e9xito de cualquier picoteo.<\/p><p>La amalgama de sabores en este mousse es simplemente extraordinaria. La untuosidad del foie se entrelaza con la crocancia de los pistachos y almendras, ofreciendo una experiencia \u00fanica y <strong>sofisticada<\/strong>. Cada cucharada es una explosi\u00f3n de sabores que danza en el paladar, convirtiendo cada bocado en una aventura sensorial. Esta exquisita combinaci\u00f3n no solo satisface el deseo de lo <strong>gourmet<\/strong>, sino que tambi\u00e9n eleva cualquier ocasi\u00f3n a un nivel superior.<\/p><p>La textura fina y los sabores delicados de este mousse lo convierten en el <strong>acompa\u00f1amiento<\/strong> perfecto para <strong>galletas<\/strong> o <strong>tostadas<\/strong>. Este manjar gourmet est\u00e1 siempre listo para sorprender a los invitados o para disfrutarlo en esos momentos de antojo culinario. Este producto hecho en Chile no solo garantiza la <strong>frescura<\/strong> y <strong>calidad<\/strong>, sino que tambi\u00e9n resalta por su compromiso con la producci\u00f3n local.<\/p><p><strong>Ingredientes<\/strong> pana de pollo, cebolla, ajo, mantequilla, pistachos, almendras, sal, pimienta<\/p>    <\/div>\r\n\t\t<\/div>\n\t\t\t\t<\/div>\n\t\t\t\t<\/div>\n\t\t\t\t\t<\/div>\n\t\t\t\t<\/div>\n\t\t<div class=\"elementor-element elementor-element-802423d e-flex e-con-boxed e-con e-parent\" data-id=\"802423d\" data-element_type=\"container\">\n\t\t\t\t\t<div class=\"e-con-inner\">\n\t\t\t\t<div class=\"elementor-element elementor-element-e8e7ca7 elementor-widget-divider--view-line elementor-widget elementor-widget-divider\" data-id=\"e8e7ca7\" data-element_type=\"widget\" data-widget_type=\"divider.default\">\n\t\t\t\t<div class=\"elementor-widget-container\">\n\t\t\t\t\t<div class=\"elementor-divider\">\n\t\t\t<span class=\"elementor-divider-separator\">\n\t\t\t\t\t\t<\/span>\n\t\t<\/div>\n\t\t\t\t<\/div>\n\t\t\t\t<\/div>\n\t\t\t\t\t<\/div>\n\t\t\t\t<\/div>\n\t\t<div class=\"elementor-element elementor-element-310847f e-flex e-con-boxed e-con e-parent\" data-id=\"310847f\" data-element_type=\"container\">\n\t\t\t\t\t<div class=\"e-con-inner\">\n\t\t<div class=\"elementor-element elementor-element-7f449ff e-con-full e-flex e-con e-child\" data-id=\"7f449ff\" data-element_type=\"container\">\n\t\t\t\t<div class=\"elementor-element elementor-element-ab51bac elementor-widget elementor-widget-heading\" data-id=\"ab51bac\" data-element_type=\"widget\" data-widget_type=\"heading.default\">\n\t\t\t\t<div class=\"elementor-widget-container\">\n\t\t\t<h4 class=\"elementor-heading-title elementor-size-default\">el producto perfecto para el picoteo<\/h4>\t\t<\/div>\n\t\t\t\t<\/div>\n\t\t\t\t<div class=\"elementor-element elementor-element-a94b48c elementor-widget elementor-widget-nest-text-editor-v1\" data-id=\"a94b48c\" data-element_type=\"widget\" data-widget_type=\"nest-text-editor-v1.default\">\n\t\t\t\t<div class=\"elementor-widget-container\">\n\t\t\t   <div class=\"custom_text_editor position-relative\">\r\n        <p>Esta mousse de foie con Pistachos y Almendras se erige como la soluci\u00f3n ideal para un <strong>picoteo<\/strong> de \u00faltimo minuto. Su versatilidad y facilidad de presentaci\u00f3n lo convierten en el aliado perfecto cuando no hay planes establecidos. Simplemente descorche la conserva y <strong>disfrute<\/strong> de una <strong>experiencia<\/strong> gastron\u00f3mica sin complicaciones pero llena de sabor.<\/p><p>Este producto va m\u00e1s all\u00e1 de ser simplemente un mousse de foie. Es una obra maestra culinaria que combina la <strong>riqueza<\/strong> de la receta <strong>francesa<\/strong> con la creatividad y sabores adicionales de pistachos y almendras. Con cada cucharada, los comensales son transportados a un mundo de <strong>exquisitez<\/strong> y sofisticaci\u00f3n. Descubre el placer de tener esta mousse de foie con Pistachos y Almendras en tu despensa, lista para transformar cualquier ocasi\u00f3n en un <strong>fest\u00edn<\/strong> culinario inolvidable.<\/p><p><strong>Conservaci\u00f3n<\/strong> 6 meses en la despensa 1 semana en el refrigerador una vez abierto<\/p>    <\/div>\r\n\t\t<\/div>\n\t\t\t\t<\/div>\n\t\t\t\t<\/div>\n\t\t<div class=\"elementor-element elementor-element-b6b566d e-con-full e-flex e-con e-child\" data-id=\"b6b566d\" data-element_type=\"container\">\n\t\t\t\t<div class=\"elementor-element elementor-element-3032dbb elementor-widget elementor-widget-image\" data-id=\"3032dbb\" data-element_type=\"widget\" data-widget_type=\"image.default\">\n\t\t\t\t<div class=\"elementor-widget-container\">\n\t\t\t\t\t\t\t\t\t\t\t\t\t<img decoding=\"async\" width=\"300\" height=\"300\" src=\"https:\/\/agenciayork.com\/hdf\/wp-content\/uploads\/2023\/10\/Mousses-picoteo-300x300.png\" class=\"attachment-medium size-medium wp-image-11480\" alt=\"Mousses picoteo\" srcset=\"https:\/\/agenciayork.com\/hdf\/wp-content\/uploads\/2023\/10\/Mousses-picoteo-300x300.png 300w, https:\/\/agenciayork.com\/hdf\/wp-content\/uploads\/2023\/10\/Mousses-picoteo-1024x1024.png 1024w, https:\/\/agenciayork.com\/hdf\/wp-content\/uploads\/2023\/10\/Mousses-picoteo-150x150.png 150w, https:\/\/agenciayork.com\/hdf\/wp-content\/uploads\/2023\/10\/Mousses-picoteo-768x768.png 768w, https:\/\/agenciayork.com\/hdf\/wp-content\/uploads\/2023\/10\/Mousses-picoteo-600x600.png 600w, https:\/\/agenciayork.com\/hdf\/wp-content\/uploads\/2023\/10\/Mousses-picoteo-100x100.png 100w, https:\/\/agenciayork.com\/hdf\/wp-content\/uploads\/2023\/10\/Mousses-picoteo-50x50.png 50w, https:\/\/agenciayork.com\/hdf\/wp-content\/uploads\/2023\/10\/Mousses-picoteo-64x64.png 64w, https:\/\/agenciayork.com\/hdf\/wp-content\/uploads\/2023\/10\/Mousses-picoteo.png 1080w\" sizes=\"(max-width: 300px) 100vw, 300px\" \/>\t\t\t\t\t\t\t\t\t\t\t\t\t<\/div>\n\t\t\t\t<\/div>\n\t\t\t\t<\/div>\n\t\t\t\t\t<\/div>\n\t\t\t\t<\/div>\n\t\t<div class=\"elementor-element elementor-element-af41f09 e-flex e-con-boxed e-con e-parent\" data-id=\"af41f09\" data-element_type=\"container\">\n\t\t\t\t\t<div class=\"e-con-inner\">\n\t\t\t\t<div class=\"elementor-element elementor-element-2854176 elementor-widget-divider--view-line elementor-widget elementor-widget-divider\" data-id=\"2854176\" data-element_type=\"widget\" data-widget_type=\"divider.default\">\n\t\t\t\t<div class=\"elementor-widget-container\">\n\t\t\t\t\t<div class=\"elementor-divider\">\n\t\t\t<span class=\"elementor-divider-separator\">\n\t\t\t\t\t\t<\/span>\n\t\t<\/div>\n\t\t\t\t<\/div>\n\t\t\t\t<\/div>\n\t\t\t\t\t<\/div>\n\t\t\t\t<\/div>\n\t\t<div class=\"elementor-element elementor-element-e941834 e-flex e-con-boxed e-con e-parent\" data-id=\"e941834\" data-element_type=\"container\">\n\t\t\t\t\t<div class=\"e-con-inner\">\n\t\t\t\t<div class=\"elementor-element elementor-element-67960d7 elementor-widget elementor-widget-heading\" data-id=\"67960d7\" data-element_type=\"widget\" data-widget_type=\"heading.default\">\n\t\t\t\t<div class=\"elementor-widget-container\">\n\t\t\t<h4 class=\"elementor-heading-title elementor-size-default\">DESCUBRE TAMBIEN MIS OTRAS mousses<\/h4>\t\t<\/div>\n\t\t\t\t<\/div>\n\t\t\t\t\t<\/div>\n\t\t\t\t<\/div>\n\t\t<div class=\"elementor-element elementor-element-90587b7 e-flex e-con-boxed e-con e-parent\" data-id=\"90587b7\" data-element_type=\"container\">\n\t\t\t\t\t<div class=\"e-con-inner\">\n\t\t\t\t<div class=\"elementor-element elementor-element-751e8fd elementor-widget elementor-widget-image\" data-id=\"751e8fd\" data-element_type=\"widget\" data-widget_type=\"image.default\">\n\t\t\t\t<div class=\"elementor-widget-container\">\n\t\t\t\t\t\t\t\t\t\t\t\t\t\t<a href=\"https:\/\/agenciayork.com\/hdf\/categoria-producto\/pates-y-untables\/\">\n\t\t\t\t\t\t\t<img decoding=\"async\" width=\"768\" height=\"768\" src=\"https:\/\/agenciayork.com\/hdf\/wp-content\/uploads\/2023\/10\/Collection-mousses-768x768.png\" class=\"attachment-medium_large size-medium_large wp-image-11481\" alt=\"Collection mousses\" srcset=\"https:\/\/agenciayork.com\/hdf\/wp-content\/uploads\/2023\/10\/Collection-mousses-768x768.png 768w, https:\/\/agenciayork.com\/hdf\/wp-content\/uploads\/2023\/10\/Collection-mousses-300x300.png 300w, https:\/\/agenciayork.com\/hdf\/wp-content\/uploads\/2023\/10\/Collection-mousses-1024x1024.png 1024w, https:\/\/agenciayork.com\/hdf\/wp-content\/uploads\/2023\/10\/Collection-mousses-150x150.png 150w, https:\/\/agenciayork.com\/hdf\/wp-content\/uploads\/2023\/10\/Collection-mousses-600x600.png 600w, https:\/\/agenciayork.com\/hdf\/wp-content\/uploads\/2023\/10\/Collection-mousses-100x100.png 100w, https:\/\/agenciayork.com\/hdf\/wp-content\/uploads\/2023\/10\/Collection-mousses-50x50.png 50w, https:\/\/agenciayork.com\/hdf\/wp-content\/uploads\/2023\/10\/Collection-mousses-64x64.png 64w, https:\/\/agenciayork.com\/hdf\/wp-content\/uploads\/2023\/10\/Collection-mousses.png 1080w\" sizes=\"(max-width: 768px) 100vw, 768px\" \/>\t\t\t\t\t\t\t\t<\/a>\n\t\t\t\t\t\t\t\t\t\t\t\t\t<\/div>\n\t\t\t\t<\/div>\n\t\t\t\t\t<\/div>\n\t\t\t\t<\/div>\n\t\t<div class=\"elementor-element elementor-element-7292fe3 e-flex e-con-boxed e-con e-parent\" data-id=\"7292fe3\" data-element_type=\"container\">\n\t\t\t\t\t<div class=\"e-con-inner\">\n\t\t\t\t<div class=\"elementor-element elementor-element-d34846c elementor-widget elementor-widget-nest-text-editor-v1\" data-id=\"d34846c\" data-element_type=\"widget\" data-widget_type=\"nest-text-editor-v1.default\">\n\t\t\t\t<div class=\"elementor-widget-container\">\n\t\t\t   <div class=\"custom_text_editor position-relative\">\r\n        <p>En mi compromiso con el\u00a0<strong>medio ambiente<\/strong>, si me traes\u00a0<strong>10 frascos<\/strong>\u00a0vac\u00edos con su etiqueta original, te\u00a0<strong>regalo<\/strong>\u00a0un producto.\u00a0<\/p>    <\/div>\r\n\t\t<\/div>\n\t\t\t\t<\/div>\n\t\t\t\t\t<\/div>\n\t\t\t\t<\/div>\n\t\t\t\t<\/div>\n\t\t","protected":false},"excerpt":{"rendered":"<p>Ese mousse de panitas\u00a0de pollo,\u00a0tiene una textura untuosa con pedacitos crujientes de pistachos y almendras.\u200b\u00a0Un\u00a0producto indispensable para tener un picoteo exitoso!!<\/p>\n<p>Su textura muy fina y sabores delicadas son ideales para compartir\u00a0sobre galletas o tostadas.<br \/>\nIdeal si no tiene nada de previsto para un picoteo de \u00faltimo minuto.<\/p>\n<p><b>Conserva de 180\u00a0gr<br \/>\n<\/b><b>HECHO EN CHILE<br \/>\nReceta francesa &#8211; 100% natural &#8211; Sin preservantes<\/b><\/p>\n","protected":false},"featured_media":6081,"template":"","meta":[],"product_brand":[],"product_cat":[166,134,110,183],"product_tag":[],"class_list":{"0":"post-5814","1":"product","2":"type-product","3":"status-publish","4":"has-post-thumbnail","6":"product_cat-mis-clasicos","7":"product_cat-pates-y-untables","8":"product_cat-picoteo","9":"product_cat-prepara-tu-18","11":"first","12":"instock","13":"shipping-taxable","14":"purchasable","15":"product-type-simple"},"yoast_head":"<!-- This site is optimized with the Yoast SEO plugin v27.5 - https:\/\/yoast.com\/product\/yoast-seo-wordpress\/ -->\n<title>Mousse de foie con pistachos y almendras - H\u00e9l\u00e8ne de Fleurac<\/title>\n<meta name=\"description\" content=\"Nuestro Mousse de foie pistachos y almendras con su textura muy fina y sabores delicadas, es ideal para compartir sobre galletas o tostadas.\" \/>\n<meta name=\"robots\" content=\"index, follow, max-snippet:-1, max-image-preview:large, max-video-preview:-1\" \/>\n<link rel=\"canonical\" href=\"https:\/\/agenciayork.com\/hdf\/producto\/mousse-de-foie-con-pistachos-y-almendras\/\" \/>\n<meta property=\"og:locale\" content=\"es_ES\" \/>\n<meta property=\"og:type\" content=\"article\" \/>\n<meta property=\"og:title\" content=\"Mousse de foie con pistachos y almendras - H\u00e9l\u00e8ne de Fleurac\" \/>\n<meta property=\"og:description\" content=\"Nuestro Mousse de foie pistachos y almendras con su textura muy fina y sabores delicadas, es ideal para compartir sobre galletas o tostadas.\" \/>\n<meta property=\"og:url\" content=\"https:\/\/agenciayork.com\/hdf\/producto\/mousse-de-foie-con-pistachos-y-almendras\/\" \/>\n<meta property=\"og:site_name\" content=\"H\u00e9l\u00e8ne de Fleurac\" \/>\n<meta property=\"article:modified_time\" content=\"2024-09-17T17:25:26+00:00\" \/>\n<meta property=\"og:image\" content=\"https:\/\/agenciayork.com\/hdf\/wp-content\/uploads\/2023\/10\/MoussePistachosAlmendras2023-1.jpg\" \/>\n\t<meta property=\"og:image:width\" content=\"1080\" \/>\n\t<meta property=\"og:image:height\" content=\"1080\" \/>\n\t<meta property=\"og:image:type\" content=\"image\/jpeg\" \/>\n<meta name=\"twitter:card\" content=\"summary_large_image\" \/>\n<meta name=\"twitter:label1\" content=\"Tiempo estimado de lectura\" \/>\n\t<meta name=\"twitter:data1\" content=\"3 minutos\" \/>\n<script type=\"application\/ld+json\" class=\"yoast-schema-graph\">{\"@context\":\"https:\\\/\\\/schema.org\",\"@graph\":[{\"@type\":\"WebPage\",\"@id\":\"https:\\\/\\\/agenciayork.com\\\/hdf\\\/producto\\\/mousse-de-foie-con-pistachos-y-almendras\\\/\",\"url\":\"https:\\\/\\\/agenciayork.com\\\/hdf\\\/producto\\\/mousse-de-foie-con-pistachos-y-almendras\\\/\",\"name\":\"Mousse de foie con pistachos y almendras - H\u00e9l\u00e8ne de Fleurac\",\"isPartOf\":{\"@id\":\"https:\\\/\\\/agenciayork.com\\\/hdf\\\/#website\"},\"primaryImageOfPage\":{\"@id\":\"https:\\\/\\\/agenciayork.com\\\/hdf\\\/producto\\\/mousse-de-foie-con-pistachos-y-almendras\\\/#primaryimage\"},\"image\":{\"@id\":\"https:\\\/\\\/agenciayork.com\\\/hdf\\\/producto\\\/mousse-de-foie-con-pistachos-y-almendras\\\/#primaryimage\"},\"thumbnailUrl\":\"https:\\\/\\\/agenciayork.com\\\/hdf\\\/wp-content\\\/uploads\\\/2023\\\/10\\\/MoussePistachosAlmendras2023-1.jpg\",\"datePublished\":\"2023-10-25T14:25:44+00:00\",\"dateModified\":\"2024-09-17T17:25:26+00:00\",\"description\":\"Nuestro Mousse de foie pistachos y almendras con su textura muy fina y sabores delicadas, es ideal para compartir sobre galletas o tostadas.\",\"breadcrumb\":{\"@id\":\"https:\\\/\\\/agenciayork.com\\\/hdf\\\/producto\\\/mousse-de-foie-con-pistachos-y-almendras\\\/#breadcrumb\"},\"inLanguage\":\"es-CL\",\"potentialAction\":[{\"@type\":\"ReadAction\",\"target\":[\"https:\\\/\\\/agenciayork.com\\\/hdf\\\/producto\\\/mousse-de-foie-con-pistachos-y-almendras\\\/\"]}]},{\"@type\":\"ImageObject\",\"inLanguage\":\"es-CL\",\"@id\":\"https:\\\/\\\/agenciayork.com\\\/hdf\\\/producto\\\/mousse-de-foie-con-pistachos-y-almendras\\\/#primaryimage\",\"url\":\"https:\\\/\\\/agenciayork.com\\\/hdf\\\/wp-content\\\/uploads\\\/2023\\\/10\\\/MoussePistachosAlmendras2023-1.jpg\",\"contentUrl\":\"https:\\\/\\\/agenciayork.com\\\/hdf\\\/wp-content\\\/uploads\\\/2023\\\/10\\\/MoussePistachosAlmendras2023-1.jpg\",\"width\":1080,\"height\":1080},{\"@type\":\"BreadcrumbList\",\"@id\":\"https:\\\/\\\/agenciayork.com\\\/hdf\\\/producto\\\/mousse-de-foie-con-pistachos-y-almendras\\\/#breadcrumb\",\"itemListElement\":[{\"@type\":\"ListItem\",\"position\":1,\"name\":\"Portada\",\"item\":\"https:\\\/\\\/agenciayork.com\\\/hdf\\\/\"},{\"@type\":\"ListItem\",\"position\":2,\"name\":\"Tienda\",\"item\":\"https:\\\/\\\/agenciayork.com\\\/hdf\\\/mejores-productos-de-la-gastronomia-francesa\\\/\"},{\"@type\":\"ListItem\",\"position\":3,\"name\":\"Mousse de foie con pistachos y almendras\"}]},{\"@type\":\"WebSite\",\"@id\":\"https:\\\/\\\/agenciayork.com\\\/hdf\\\/#website\",\"url\":\"https:\\\/\\\/agenciayork.com\\\/hdf\\\/\",\"name\":\"H\u00e9l\u00e8ne de Fleurac\",\"description\":\"Gastronom\u00eda francesa\",\"potentialAction\":[{\"@type\":\"SearchAction\",\"target\":{\"@type\":\"EntryPoint\",\"urlTemplate\":\"https:\\\/\\\/agenciayork.com\\\/hdf\\\/?s={search_term_string}\"},\"query-input\":{\"@type\":\"PropertyValueSpecification\",\"valueRequired\":true,\"valueName\":\"search_term_string\"}}],\"inLanguage\":\"es-CL\"}]}<\/script>\n<!-- \/ Yoast SEO plugin. -->","yoast_head_json":{"title":"Mousse de foie con pistachos y almendras - H\u00e9l\u00e8ne de Fleurac","description":"Nuestro Mousse de foie pistachos y almendras con su textura muy fina y sabores delicadas, es ideal para compartir sobre galletas o tostadas.","robots":{"index":"index","follow":"follow","max-snippet":"max-snippet:-1","max-image-preview":"max-image-preview:large","max-video-preview":"max-video-preview:-1"},"canonical":"https:\/\/agenciayork.com\/hdf\/producto\/mousse-de-foie-con-pistachos-y-almendras\/","og_locale":"es_ES","og_type":"article","og_title":"Mousse de foie con pistachos y almendras - H\u00e9l\u00e8ne de Fleurac","og_description":"Nuestro Mousse de foie pistachos y almendras con su textura muy fina y sabores delicadas, es ideal para compartir sobre galletas o tostadas.","og_url":"https:\/\/agenciayork.com\/hdf\/producto\/mousse-de-foie-con-pistachos-y-almendras\/","og_site_name":"H\u00e9l\u00e8ne de Fleurac","article_modified_time":"2024-09-17T17:25:26+00:00","og_image":[{"width":1080,"height":1080,"url":"https:\/\/agenciayork.com\/hdf\/wp-content\/uploads\/2023\/10\/MoussePistachosAlmendras2023-1.jpg","type":"image\/jpeg"}],"twitter_card":"summary_large_image","twitter_misc":{"Tiempo estimado de lectura":"3 minutos"},"schema":{"@context":"https:\/\/schema.org","@graph":[{"@type":"WebPage","@id":"https:\/\/agenciayork.com\/hdf\/producto\/mousse-de-foie-con-pistachos-y-almendras\/","url":"https:\/\/agenciayork.com\/hdf\/producto\/mousse-de-foie-con-pistachos-y-almendras\/","name":"Mousse de foie con pistachos y almendras - H\u00e9l\u00e8ne de Fleurac","isPartOf":{"@id":"https:\/\/agenciayork.com\/hdf\/#website"},"primaryImageOfPage":{"@id":"https:\/\/agenciayork.com\/hdf\/producto\/mousse-de-foie-con-pistachos-y-almendras\/#primaryimage"},"image":{"@id":"https:\/\/agenciayork.com\/hdf\/producto\/mousse-de-foie-con-pistachos-y-almendras\/#primaryimage"},"thumbnailUrl":"https:\/\/agenciayork.com\/hdf\/wp-content\/uploads\/2023\/10\/MoussePistachosAlmendras2023-1.jpg","datePublished":"2023-10-25T14:25:44+00:00","dateModified":"2024-09-17T17:25:26+00:00","description":"Nuestro Mousse de foie pistachos y almendras con su textura muy fina y sabores delicadas, es ideal para compartir sobre galletas o tostadas.","breadcrumb":{"@id":"https:\/\/agenciayork.com\/hdf\/producto\/mousse-de-foie-con-pistachos-y-almendras\/#breadcrumb"},"inLanguage":"es-CL","potentialAction":[{"@type":"ReadAction","target":["https:\/\/agenciayork.com\/hdf\/producto\/mousse-de-foie-con-pistachos-y-almendras\/"]}]},{"@type":"ImageObject","inLanguage":"es-CL","@id":"https:\/\/agenciayork.com\/hdf\/producto\/mousse-de-foie-con-pistachos-y-almendras\/#primaryimage","url":"https:\/\/agenciayork.com\/hdf\/wp-content\/uploads\/2023\/10\/MoussePistachosAlmendras2023-1.jpg","contentUrl":"https:\/\/agenciayork.com\/hdf\/wp-content\/uploads\/2023\/10\/MoussePistachosAlmendras2023-1.jpg","width":1080,"height":1080},{"@type":"BreadcrumbList","@id":"https:\/\/agenciayork.com\/hdf\/producto\/mousse-de-foie-con-pistachos-y-almendras\/#breadcrumb","itemListElement":[{"@type":"ListItem","position":1,"name":"Portada","item":"https:\/\/agenciayork.com\/hdf\/"},{"@type":"ListItem","position":2,"name":"Tienda","item":"https:\/\/agenciayork.com\/hdf\/mejores-productos-de-la-gastronomia-francesa\/"},{"@type":"ListItem","position":3,"name":"Mousse de foie con pistachos y almendras"}]},{"@type":"WebSite","@id":"https:\/\/agenciayork.com\/hdf\/#website","url":"https:\/\/agenciayork.com\/hdf\/","name":"H\u00e9l\u00e8ne de Fleurac","description":"Gastronom\u00eda francesa","potentialAction":[{"@type":"SearchAction","target":{"@type":"EntryPoint","urlTemplate":"https:\/\/agenciayork.com\/hdf\/?s={search_term_string}"},"query-input":{"@type":"PropertyValueSpecification","valueRequired":true,"valueName":"search_term_string"}}],"inLanguage":"es-CL"}]}},"_links":{"self":[{"href":"https:\/\/agenciayork.com\/hdf\/wp-json\/wp\/v2\/product\/5814","targetHints":{"allow":["GET"]}}],"collection":[{"href":"https:\/\/agenciayork.com\/hdf\/wp-json\/wp\/v2\/product"}],"about":[{"href":"https:\/\/agenciayork.com\/hdf\/wp-json\/wp\/v2\/types\/product"}],"version-history":[{"count":12,"href":"https:\/\/agenciayork.com\/hdf\/wp-json\/wp\/v2\/product\/5814\/revisions"}],"predecessor-version":[{"id":11488,"href":"https:\/\/agenciayork.com\/hdf\/wp-json\/wp\/v2\/product\/5814\/revisions\/11488"}],"wp:featuredmedia":[{"embeddable":true,"href":"https:\/\/agenciayork.com\/hdf\/wp-json\/wp\/v2\/media\/6081"}],"wp:attachment":[{"href":"https:\/\/agenciayork.com\/hdf\/wp-json\/wp\/v2\/media?parent=5814"}],"wp:term":[{"taxonomy":"product_brand","embeddable":true,"href":"https:\/\/agenciayork.com\/hdf\/wp-json\/wp\/v2\/product_brand?post=5814"},{"taxonomy":"product_cat","embeddable":true,"href":"https:\/\/agenciayork.com\/hdf\/wp-json\/wp\/v2\/product_cat?post=5814"},{"taxonomy":"product_tag","embeddable":true,"href":"https:\/\/agenciayork.com\/hdf\/wp-json\/wp\/v2\/product_tag?post=5814"}],"curies":[{"name":"wp","href":"https:\/\/api.w.org\/{rel}","templated":true}]}}