{"id":5815,"date":"2023-10-25T14:25:45","date_gmt":"2023-10-25T14:25:45","guid":{"rendered":"https:\/\/agenciayork.com\/hdf\/producto\/nems-8-unidades\/"},"modified":"2024-09-29T12:26:05","modified_gmt":"2024-09-29T15:26:05","slug":"nems-8-unidades","status":"publish","type":"product","link":"https:\/\/agenciayork.com\/hdf\/producto\/nems-8-unidades\/","title":{"rendered":"Nems 8 unidades"},"content":{"rendered":"\t\t<div data-elementor-type=\"wp-post\" data-elementor-id=\"5815\" class=\"elementor elementor-5815\">\n\t\t\t\t<div class=\"elementor-element elementor-element-320800f e-flex e-con-boxed e-con e-parent\" data-id=\"320800f\" data-element_type=\"container\">\n\t\t\t\t\t<div class=\"e-con-inner\">\n\t\t\t\t<div class=\"elementor-element elementor-element-e76377c elementor-widget elementor-widget-nest-title-v1\" data-id=\"e76377c\" data-element_type=\"widget\" data-widget_type=\"nest-title-v1.default\">\n\t\t\t\t<div class=\"elementor-widget-container\">\n\t\t\t        <div class=\"section_title type_one\">\r\n                            <h4 class=\"mb-20 text-brand\"> NEMS 8 unidades<\/h4>\r\n                                                    <p class=\"mb-20\"> Descubre los nems 8 unidades, una delicia culinaria que fusiona sabores y texturas de manera extraordinaria, son una opci\u00f3n irresistible para aquellos que buscan explorar nuevos horizontes gastron\u00f3micos.<\/p>\r\n                    <\/div>\r\n    \t\t<\/div>\n\t\t\t\t<\/div>\n\t\t\t\t\t<\/div>\n\t\t\t\t<\/div>\n\t\t<div class=\"elementor-element elementor-element-7b522a9 e-flex e-con-boxed e-con e-parent\" data-id=\"7b522a9\" data-element_type=\"container\">\n\t\t\t\t\t<div class=\"e-con-inner\">\n\t\t\t\t<div class=\"elementor-element elementor-element-e303157 elementor-widget-divider--view-line elementor-widget elementor-widget-divider\" data-id=\"e303157\" data-element_type=\"widget\" data-widget_type=\"divider.default\">\n\t\t\t\t<div class=\"elementor-widget-container\">\n\t\t\t\t\t<div class=\"elementor-divider\">\n\t\t\t<span class=\"elementor-divider-separator\">\n\t\t\t\t\t\t<\/span>\n\t\t<\/div>\n\t\t\t\t<\/div>\n\t\t\t\t<\/div>\n\t\t\t\t\t<\/div>\n\t\t\t\t<\/div>\n\t\t<div class=\"elementor-element elementor-element-287272a e-flex e-con-boxed e-con e-parent\" data-id=\"287272a\" data-element_type=\"container\">\n\t\t\t\t\t<div class=\"e-con-inner\">\n\t\t<div class=\"elementor-element elementor-element-874c74a e-con-full e-flex e-con e-child\" data-id=\"874c74a\" data-element_type=\"container\">\n\t\t\t\t<div class=\"elementor-element elementor-element-5d39994 elementor-widget elementor-widget-image\" data-id=\"5d39994\" data-element_type=\"widget\" data-widget_type=\"image.default\">\n\t\t\t\t<div class=\"elementor-widget-container\">\n\t\t\t\t\t\t\t\t\t\t\t\t\t<img fetchpriority=\"high\" decoding=\"async\" width=\"300\" height=\"300\" src=\"https:\/\/agenciayork.com\/hdf\/wp-content\/uploads\/2024\/08\/Nems-1-300x300.jpg\" class=\"attachment-medium size-medium wp-image-11300\" alt=\"Nems\" srcset=\"https:\/\/agenciayork.com\/hdf\/wp-content\/uploads\/2024\/08\/Nems-1-300x300.jpg 300w, https:\/\/agenciayork.com\/hdf\/wp-content\/uploads\/2024\/08\/Nems-1-1024x1024.jpg 1024w, https:\/\/agenciayork.com\/hdf\/wp-content\/uploads\/2024\/08\/Nems-1-150x150.jpg 150w, https:\/\/agenciayork.com\/hdf\/wp-content\/uploads\/2024\/08\/Nems-1-768x768.jpg 768w, https:\/\/agenciayork.com\/hdf\/wp-content\/uploads\/2024\/08\/Nems-1-600x600.jpg 600w, https:\/\/agenciayork.com\/hdf\/wp-content\/uploads\/2024\/08\/Nems-1-100x100.jpg 100w, https:\/\/agenciayork.com\/hdf\/wp-content\/uploads\/2024\/08\/Nems-1-50x50.jpg 50w, https:\/\/agenciayork.com\/hdf\/wp-content\/uploads\/2024\/08\/Nems-1-64x64.jpg 64w, https:\/\/agenciayork.com\/hdf\/wp-content\/uploads\/2024\/08\/Nems-1.jpg 1080w\" sizes=\"(max-width: 300px) 100vw, 300px\" \/>\t\t\t\t\t\t\t\t\t\t\t\t\t<\/div>\n\t\t\t\t<\/div>\n\t\t\t\t<\/div>\n\t\t<div class=\"elementor-element elementor-element-5a0f7be e-con-full e-flex e-con e-child\" data-id=\"5a0f7be\" data-element_type=\"container\">\n\t\t\t\t<div class=\"elementor-element elementor-element-00a8d29 elementor-widget elementor-widget-heading\" data-id=\"00a8d29\" data-element_type=\"widget\" data-widget_type=\"heading.default\">\n\t\t\t\t<div class=\"elementor-widget-container\">\n\t\t\t<h4 class=\"elementor-heading-title elementor-size-default\">8 nems crocantes con papel de arroz rellenos de carne, pollo o verduras con una salsa exquisita para una explosi\u00f3n de sabores<\/h4>\t\t<\/div>\n\t\t\t\t<\/div>\n\t\t\t\t<div class=\"elementor-element elementor-element-19e437a elementor-widget elementor-widget-nest-text-editor-v1\" data-id=\"19e437a\" data-element_type=\"widget\" data-widget_type=\"nest-text-editor-v1.default\">\n\t\t\t\t<div class=\"elementor-widget-container\">\n\t\t\t   <div class=\"custom_text_editor position-relative\">\r\n        <p>Aunque se alejan un poco de los cl\u00e1sicos de la gastronom\u00eda francesa, estos rollos de papel de arroz <strong>fritos<\/strong> y <strong>crujientes<\/strong> conquistan los paladares con su exquisito sabor y su textura irresistiblemente crujiente. Puedes disfrutar de un pack que incluye 8 unidades de estos <strong>deliciosos<\/strong> nems, acompa\u00f1ados de una <strong>rica salsa<\/strong> que realza a\u00fan m\u00e1s su sabor.<\/p><p>El proceso de elaboraci\u00f3n de los nems 8 unidades es toda una obra maestra culinaria. Se comienza con una fina l\u00e1mina de <strong>papel de arroz<\/strong>, que se rellena con una mezcla sabrosa y arom\u00e1tica de ingredientes frescos y deliciosos. Entre los ingredientes m\u00e1s comunes se encuentran el <strong>cerdo<\/strong>, el <strong>pollo<\/strong>, los <strong>vegetales<\/strong> frescos como zanahorias y brotes de soja, as\u00ed como una mezcla de especias ex\u00f3ticas que a\u00f1aden un toque de sabor \u00fanico a cada bocado.<\/p><p>Una vez que los nems 8 unidades est\u00e1n cuidadosamente enrollados, se fr\u00eden a la perfecci\u00f3n hasta alcanzar una textura dorada y crujiente. El contraste entre el exterior crujiente y el relleno suave y jugoso es simplemente <strong>irresistible<\/strong>, creando una <strong>explosi\u00f3n de sabores<\/strong> en cada mordisco. Adem\u00e1s, la salsa que acompa\u00f1a a estos rollos aporta un toque adicional de sabor, con su mezcla equilibrada de dulce, salado y picante que complementa perfectamente los sabores de los nems.<\/p><p><strong>Ingredientes <\/strong>del relleno:\u00a0pollo o cerdo o carne de soya, zanahoria, cebolla, ajo, huevo, dientes de drag\u00f3n, champi\u00f1ones negros, fideos de arroz, jengibre, sal<\/p>    <\/div>\r\n\t\t<\/div>\n\t\t\t\t<\/div>\n\t\t\t\t<\/div>\n\t\t\t\t\t<\/div>\n\t\t\t\t<\/div>\n\t\t<div class=\"elementor-element elementor-element-2dfe4c0 e-flex e-con-boxed e-con e-parent\" data-id=\"2dfe4c0\" data-element_type=\"container\">\n\t\t\t\t\t<div class=\"e-con-inner\">\n\t\t\t\t<div class=\"elementor-element elementor-element-646c816 elementor-widget-divider--view-line elementor-widget elementor-widget-divider\" data-id=\"646c816\" data-element_type=\"widget\" data-widget_type=\"divider.default\">\n\t\t\t\t<div class=\"elementor-widget-container\">\n\t\t\t\t\t<div class=\"elementor-divider\">\n\t\t\t<span class=\"elementor-divider-separator\">\n\t\t\t\t\t\t<\/span>\n\t\t<\/div>\n\t\t\t\t<\/div>\n\t\t\t\t<\/div>\n\t\t\t\t\t<\/div>\n\t\t\t\t<\/div>\n\t\t<div class=\"elementor-element elementor-element-0ca04f1 e-flex e-con-boxed e-con e-parent\" data-id=\"0ca04f1\" data-element_type=\"container\">\n\t\t\t\t\t<div class=\"e-con-inner\">\n\t\t<div class=\"elementor-element elementor-element-a8b8192 e-con-full e-flex e-con e-child\" data-id=\"a8b8192\" data-element_type=\"container\">\n\t\t\t\t<div class=\"elementor-element elementor-element-10536f6 elementor-widget elementor-widget-heading\" data-id=\"10536f6\" data-element_type=\"widget\" data-widget_type=\"heading.default\">\n\t\t\t\t<div class=\"elementor-widget-container\">\n\t\t\t<h4 class=\"elementor-heading-title elementor-size-default\">Comparte nems crujientes, f\u00e1ciles de preparar y con sabores ex\u00f3ticos que te transportar\u00e1n en cada bocado<\/h4>\t\t<\/div>\n\t\t\t\t<\/div>\n\t\t\t\t<div class=\"elementor-element elementor-element-a1ee6e6 elementor-widget elementor-widget-nest-text-editor-v1\" data-id=\"a1ee6e6\" data-element_type=\"widget\" data-widget_type=\"nest-text-editor-v1.default\">\n\t\t\t\t<div class=\"elementor-widget-container\">\n\t\t\t   <div class=\"custom_text_editor position-relative\">\r\n        <p>Este pack de 8 unidades es ideal para compartir con amigos y familiares o para disfrutar como un delicioso <a href=\"https:\/\/agenciayork.com\/hdf\/categoria-producto\/picoteo\/\">aperitivo<\/a> en cualquier momento. La versatilidad de los nems los convierte en una opci\u00f3n perfecta para una variedad de ocasiones, desde una cena informal hasta una fiesta o evento especial. Adem\u00e1s, al ser f\u00e1ciles de preparar, son una soluci\u00f3n conveniente para esos momentos en los que buscas algo r\u00e1pido y sabroso para satisfacer tus antojos.<\/p><p>Los nems no solo son una opci\u00f3n deliciosa, sino tambi\u00e9n una introducci\u00f3n fascinante a la cocina asi\u00e1tica. Su combinaci\u00f3n \u00fanica de sabores y texturas los convierte en un verdadero tesoro culinario que vale la pena explorar. Con cada bocado, te transportar\u00e1s a un mundo de sabores ex\u00f3ticos y experiencias sensoriales inolvidables. As\u00ed que, por qu\u00e9 no darles una oportunidad y descubrir por qu\u00e9 tantos amantes de la comida en todo el mundo se han enamorado de los nems?<\/p><p><strong>Preparaci\u00f3n<\/strong> vienen congelados y s\u00f3lo hay que calentarlos 30 minutos a 180\u00b0C directo en la placa del horno.<br \/>Para que sean bien crujientes, es conveniente darles vuelta despu\u00e9s de 15 minutos. S\u00f3lo falta enrollarlos en una hoja de lechuga crujientes y a comer!<\/p>    <\/div>\r\n\t\t<\/div>\n\t\t\t\t<\/div>\n\t\t\t\t<\/div>\n\t\t<div class=\"elementor-element elementor-element-3539ceb e-con-full e-flex e-con e-child\" data-id=\"3539ceb\" data-element_type=\"container\">\n\t\t\t\t<div class=\"elementor-element elementor-element-1a2ed1c elementor-widget elementor-widget-image\" data-id=\"1a2ed1c\" data-element_type=\"widget\" data-widget_type=\"image.default\">\n\t\t\t\t<div class=\"elementor-widget-container\">\n\t\t\t\t\t\t\t\t\t\t\t\t\t<img decoding=\"async\" width=\"300\" height=\"300\" src=\"https:\/\/agenciayork.com\/hdf\/wp-content\/uploads\/2024\/08\/Nems-2-300x300.jpg\" class=\"attachment-medium size-medium wp-image-11301\" alt=\"Nems\" srcset=\"https:\/\/agenciayork.com\/hdf\/wp-content\/uploads\/2024\/08\/Nems-2-300x300.jpg 300w, https:\/\/agenciayork.com\/hdf\/wp-content\/uploads\/2024\/08\/Nems-2-1024x1024.jpg 1024w, https:\/\/agenciayork.com\/hdf\/wp-content\/uploads\/2024\/08\/Nems-2-150x150.jpg 150w, https:\/\/agenciayork.com\/hdf\/wp-content\/uploads\/2024\/08\/Nems-2-768x768.jpg 768w, https:\/\/agenciayork.com\/hdf\/wp-content\/uploads\/2024\/08\/Nems-2-600x600.jpg 600w, https:\/\/agenciayork.com\/hdf\/wp-content\/uploads\/2024\/08\/Nems-2-100x100.jpg 100w, https:\/\/agenciayork.com\/hdf\/wp-content\/uploads\/2024\/08\/Nems-2-50x50.jpg 50w, https:\/\/agenciayork.com\/hdf\/wp-content\/uploads\/2024\/08\/Nems-2-64x64.jpg 64w, https:\/\/agenciayork.com\/hdf\/wp-content\/uploads\/2024\/08\/Nems-2.jpg 1080w\" sizes=\"(max-width: 300px) 100vw, 300px\" \/>\t\t\t\t\t\t\t\t\t\t\t\t\t<\/div>\n\t\t\t\t<\/div>\n\t\t\t\t<\/div>\n\t\t\t\t\t<\/div>\n\t\t\t\t<\/div>\n\t\t\t\t<\/div>\n\t\t","protected":false},"excerpt":{"rendered":"<p>\u00bfConoces los <em>nems<\/em>?\u00a0Es verdad que me desv\u00edo un poco de mis cl\u00e1sicos de la gastronom\u00eda francesa pero me encantan! Son<strong> Arrollados de papel de arroz fritos y crujientes<\/strong>.<strong>\u00a0<\/strong>Y vienen con una\u00a0<strong>rica salsa<\/strong>\u00a0para acompa\u00f1arlos.<\/p>\n<p><strong>Pack de 8 unidades + salsa<br \/>\nProducto congelado<\/strong><\/p>\n","protected":false},"featured_media":11300,"template":"","meta":[],"product_brand":[],"product_cat":[126,136,137,160,171],"product_tag":[],"class_list":{"0":"post-5815","1":"product","2":"type-product","3":"status-publish","4":"has-post-thumbnail","6":"product_cat-mis-imperdibles","7":"product_cat-platos-completos","8":"product_cat-platos-preparados","9":"product_cat-productos-vegetarianos","10":"product_cat-salir-de-la-rutina","12":"first","13":"instock","14":"shipping-taxable","15":"purchasable","16":"product-type-variable"},"yoast_head":"<!-- This site is optimized with the Yoast SEO plugin v27.5 - https:\/\/yoast.com\/product\/yoast-seo-wordpress\/ -->\n<title>Nems 8 unidades - H\u00e9l\u00e8ne de Fleurac<\/title>\n<meta name=\"description\" content=\"Descubre los irresistibles Nems 8 unidades, rollos de papel de arroz fritos y crujientes, acompa\u00f1ados de una deliciosa salsa, por solo $6.900. Explora nuevo\" \/>\n<meta name=\"robots\" content=\"index, follow, max-snippet:-1, max-image-preview:large, max-video-preview:-1\" \/>\n<link rel=\"canonical\" href=\"https:\/\/agenciayork.com\/hdf\/producto\/nems-8-unidades\/\" \/>\n<meta property=\"og:locale\" content=\"es_ES\" \/>\n<meta property=\"og:type\" content=\"article\" \/>\n<meta property=\"og:title\" content=\"Nems 8 unidades - H\u00e9l\u00e8ne de Fleurac\" \/>\n<meta property=\"og:description\" content=\"Descubre los irresistibles Nems 8 unidades, rollos de papel de arroz fritos y crujientes, acompa\u00f1ados de una deliciosa salsa, por solo $6.900. Explora nuevo\" \/>\n<meta property=\"og:url\" content=\"https:\/\/agenciayork.com\/hdf\/producto\/nems-8-unidades\/\" \/>\n<meta property=\"og:site_name\" content=\"H\u00e9l\u00e8ne de Fleurac\" \/>\n<meta property=\"article:modified_time\" content=\"2024-09-29T15:26:05+00:00\" \/>\n<meta property=\"og:image\" content=\"https:\/\/agenciayork.com\/hdf\/wp-content\/uploads\/2024\/08\/Nems-1.jpg\" \/>\n\t<meta property=\"og:image:width\" content=\"1080\" \/>\n\t<meta property=\"og:image:height\" content=\"1080\" \/>\n\t<meta property=\"og:image:type\" content=\"image\/jpeg\" \/>\n<meta name=\"twitter:card\" content=\"summary_large_image\" \/>\n<meta name=\"twitter:label1\" content=\"Tiempo estimado de lectura\" \/>\n\t<meta name=\"twitter:data1\" content=\"4 minutos\" \/>\n<script type=\"application\/ld+json\" class=\"yoast-schema-graph\">{\"@context\":\"https:\\\/\\\/schema.org\",\"@graph\":[{\"@type\":\"WebPage\",\"@id\":\"https:\\\/\\\/agenciayork.com\\\/hdf\\\/producto\\\/nems-8-unidades\\\/\",\"url\":\"https:\\\/\\\/agenciayork.com\\\/hdf\\\/producto\\\/nems-8-unidades\\\/\",\"name\":\"Nems 8 unidades - H\u00e9l\u00e8ne de Fleurac\",\"isPartOf\":{\"@id\":\"https:\\\/\\\/agenciayork.com\\\/hdf\\\/#website\"},\"primaryImageOfPage\":{\"@id\":\"https:\\\/\\\/agenciayork.com\\\/hdf\\\/producto\\\/nems-8-unidades\\\/#primaryimage\"},\"image\":{\"@id\":\"https:\\\/\\\/agenciayork.com\\\/hdf\\\/producto\\\/nems-8-unidades\\\/#primaryimage\"},\"thumbnailUrl\":\"https:\\\/\\\/agenciayork.com\\\/hdf\\\/wp-content\\\/uploads\\\/2024\\\/08\\\/Nems-1.jpg\",\"datePublished\":\"2023-10-25T14:25:45+00:00\",\"dateModified\":\"2024-09-29T15:26:05+00:00\",\"description\":\"Descubre los irresistibles Nems 8 unidades, rollos de papel de arroz fritos y crujientes, acompa\u00f1ados de una deliciosa salsa, por solo $6.900. Explora nuevo\",\"breadcrumb\":{\"@id\":\"https:\\\/\\\/agenciayork.com\\\/hdf\\\/producto\\\/nems-8-unidades\\\/#breadcrumb\"},\"inLanguage\":\"es-CL\",\"potentialAction\":[{\"@type\":\"ReadAction\",\"target\":[\"https:\\\/\\\/agenciayork.com\\\/hdf\\\/producto\\\/nems-8-unidades\\\/\"]}]},{\"@type\":\"ImageObject\",\"inLanguage\":\"es-CL\",\"@id\":\"https:\\\/\\\/agenciayork.com\\\/hdf\\\/producto\\\/nems-8-unidades\\\/#primaryimage\",\"url\":\"https:\\\/\\\/agenciayork.com\\\/hdf\\\/wp-content\\\/uploads\\\/2024\\\/08\\\/Nems-1.jpg\",\"contentUrl\":\"https:\\\/\\\/agenciayork.com\\\/hdf\\\/wp-content\\\/uploads\\\/2024\\\/08\\\/Nems-1.jpg\",\"width\":1080,\"height\":1080,\"caption\":\"Nems\"},{\"@type\":\"BreadcrumbList\",\"@id\":\"https:\\\/\\\/agenciayork.com\\\/hdf\\\/producto\\\/nems-8-unidades\\\/#breadcrumb\",\"itemListElement\":[{\"@type\":\"ListItem\",\"position\":1,\"name\":\"Portada\",\"item\":\"https:\\\/\\\/agenciayork.com\\\/hdf\\\/\"},{\"@type\":\"ListItem\",\"position\":2,\"name\":\"Tienda\",\"item\":\"https:\\\/\\\/agenciayork.com\\\/hdf\\\/mejores-productos-de-la-gastronomia-francesa\\\/\"},{\"@type\":\"ListItem\",\"position\":3,\"name\":\"Nems 8 unidades\"}]},{\"@type\":\"WebSite\",\"@id\":\"https:\\\/\\\/agenciayork.com\\\/hdf\\\/#website\",\"url\":\"https:\\\/\\\/agenciayork.com\\\/hdf\\\/\",\"name\":\"H\u00e9l\u00e8ne de Fleurac\",\"description\":\"Gastronom\u00eda francesa\",\"potentialAction\":[{\"@type\":\"SearchAction\",\"target\":{\"@type\":\"EntryPoint\",\"urlTemplate\":\"https:\\\/\\\/agenciayork.com\\\/hdf\\\/?s={search_term_string}\"},\"query-input\":{\"@type\":\"PropertyValueSpecification\",\"valueRequired\":true,\"valueName\":\"search_term_string\"}}],\"inLanguage\":\"es-CL\"}]}<\/script>\n<!-- \/ Yoast SEO plugin. -->","yoast_head_json":{"title":"Nems 8 unidades - H\u00e9l\u00e8ne de Fleurac","description":"Descubre los irresistibles Nems 8 unidades, rollos de papel de arroz fritos y crujientes, acompa\u00f1ados de una deliciosa salsa, por solo $6.900. Explora nuevo","robots":{"index":"index","follow":"follow","max-snippet":"max-snippet:-1","max-image-preview":"max-image-preview:large","max-video-preview":"max-video-preview:-1"},"canonical":"https:\/\/agenciayork.com\/hdf\/producto\/nems-8-unidades\/","og_locale":"es_ES","og_type":"article","og_title":"Nems 8 unidades - H\u00e9l\u00e8ne de Fleurac","og_description":"Descubre los irresistibles Nems 8 unidades, rollos de papel de arroz fritos y crujientes, acompa\u00f1ados de una deliciosa salsa, por solo $6.900. Explora nuevo","og_url":"https:\/\/agenciayork.com\/hdf\/producto\/nems-8-unidades\/","og_site_name":"H\u00e9l\u00e8ne de Fleurac","article_modified_time":"2024-09-29T15:26:05+00:00","og_image":[{"width":1080,"height":1080,"url":"https:\/\/agenciayork.com\/hdf\/wp-content\/uploads\/2024\/08\/Nems-1.jpg","type":"image\/jpeg"}],"twitter_card":"summary_large_image","twitter_misc":{"Tiempo estimado de lectura":"4 minutos"},"schema":{"@context":"https:\/\/schema.org","@graph":[{"@type":"WebPage","@id":"https:\/\/agenciayork.com\/hdf\/producto\/nems-8-unidades\/","url":"https:\/\/agenciayork.com\/hdf\/producto\/nems-8-unidades\/","name":"Nems 8 unidades - H\u00e9l\u00e8ne de Fleurac","isPartOf":{"@id":"https:\/\/agenciayork.com\/hdf\/#website"},"primaryImageOfPage":{"@id":"https:\/\/agenciayork.com\/hdf\/producto\/nems-8-unidades\/#primaryimage"},"image":{"@id":"https:\/\/agenciayork.com\/hdf\/producto\/nems-8-unidades\/#primaryimage"},"thumbnailUrl":"https:\/\/agenciayork.com\/hdf\/wp-content\/uploads\/2024\/08\/Nems-1.jpg","datePublished":"2023-10-25T14:25:45+00:00","dateModified":"2024-09-29T15:26:05+00:00","description":"Descubre los irresistibles Nems 8 unidades, rollos de papel de arroz fritos y crujientes, acompa\u00f1ados de una deliciosa salsa, por solo $6.900. Explora nuevo","breadcrumb":{"@id":"https:\/\/agenciayork.com\/hdf\/producto\/nems-8-unidades\/#breadcrumb"},"inLanguage":"es-CL","potentialAction":[{"@type":"ReadAction","target":["https:\/\/agenciayork.com\/hdf\/producto\/nems-8-unidades\/"]}]},{"@type":"ImageObject","inLanguage":"es-CL","@id":"https:\/\/agenciayork.com\/hdf\/producto\/nems-8-unidades\/#primaryimage","url":"https:\/\/agenciayork.com\/hdf\/wp-content\/uploads\/2024\/08\/Nems-1.jpg","contentUrl":"https:\/\/agenciayork.com\/hdf\/wp-content\/uploads\/2024\/08\/Nems-1.jpg","width":1080,"height":1080,"caption":"Nems"},{"@type":"BreadcrumbList","@id":"https:\/\/agenciayork.com\/hdf\/producto\/nems-8-unidades\/#breadcrumb","itemListElement":[{"@type":"ListItem","position":1,"name":"Portada","item":"https:\/\/agenciayork.com\/hdf\/"},{"@type":"ListItem","position":2,"name":"Tienda","item":"https:\/\/agenciayork.com\/hdf\/mejores-productos-de-la-gastronomia-francesa\/"},{"@type":"ListItem","position":3,"name":"Nems 8 unidades"}]},{"@type":"WebSite","@id":"https:\/\/agenciayork.com\/hdf\/#website","url":"https:\/\/agenciayork.com\/hdf\/","name":"H\u00e9l\u00e8ne de Fleurac","description":"Gastronom\u00eda francesa","potentialAction":[{"@type":"SearchAction","target":{"@type":"EntryPoint","urlTemplate":"https:\/\/agenciayork.com\/hdf\/?s={search_term_string}"},"query-input":{"@type":"PropertyValueSpecification","valueRequired":true,"valueName":"search_term_string"}}],"inLanguage":"es-CL"}]}},"_links":{"self":[{"href":"https:\/\/agenciayork.com\/hdf\/wp-json\/wp\/v2\/product\/5815","targetHints":{"allow":["GET"]}}],"collection":[{"href":"https:\/\/agenciayork.com\/hdf\/wp-json\/wp\/v2\/product"}],"about":[{"href":"https:\/\/agenciayork.com\/hdf\/wp-json\/wp\/v2\/types\/product"}],"version-history":[{"count":7,"href":"https:\/\/agenciayork.com\/hdf\/wp-json\/wp\/v2\/product\/5815\/revisions"}],"predecessor-version":[{"id":11359,"href":"https:\/\/agenciayork.com\/hdf\/wp-json\/wp\/v2\/product\/5815\/revisions\/11359"}],"wp:featuredmedia":[{"embeddable":true,"href":"https:\/\/agenciayork.com\/hdf\/wp-json\/wp\/v2\/media\/11300"}],"wp:attachment":[{"href":"https:\/\/agenciayork.com\/hdf\/wp-json\/wp\/v2\/media?parent=5815"}],"wp:term":[{"taxonomy":"product_brand","embeddable":true,"href":"https:\/\/agenciayork.com\/hdf\/wp-json\/wp\/v2\/product_brand?post=5815"},{"taxonomy":"product_cat","embeddable":true,"href":"https:\/\/agenciayork.com\/hdf\/wp-json\/wp\/v2\/product_cat?post=5815"},{"taxonomy":"product_tag","embeddable":true,"href":"https:\/\/agenciayork.com\/hdf\/wp-json\/wp\/v2\/product_tag?post=5815"}],"curies":[{"name":"wp","href":"https:\/\/api.w.org\/{rel}","templated":true}]}}