{"id":5942,"date":"2023-10-25T14:28:12","date_gmt":"2023-10-25T14:28:12","guid":{"rendered":"https:\/\/agenciayork.com\/hdf\/producto\/soupe-de-cebolla-950-ml\/"},"modified":"2024-10-14T10:01:25","modified_gmt":"2024-10-14T13:01:25","slug":"sopa-de-cebolla-950-ml","status":"publish","type":"product","link":"https:\/\/agenciayork.com\/hdf\/producto\/sopa-de-cebolla-950-ml\/","title":{"rendered":"Sopa de cebolla 950 ml"},"content":{"rendered":"\t\t<div data-elementor-type=\"wp-post\" data-elementor-id=\"5942\" class=\"elementor elementor-5942\">\n\t\t\t\t<div class=\"elementor-element elementor-element-8b58bd5 e-flex e-con-boxed e-con e-parent\" data-id=\"8b58bd5\" data-element_type=\"container\">\n\t\t\t\t\t<div class=\"e-con-inner\">\n\t\t\t\t<div class=\"elementor-element elementor-element-2b91d60 elementor-widget elementor-widget-nest-title-v1\" data-id=\"2b91d60\" data-element_type=\"widget\" data-widget_type=\"nest-title-v1.default\">\n\t\t\t\t<div class=\"elementor-widget-container\">\n\t\t\t        <div class=\"section_title type_one\">\r\n                            <h4 class=\"mb-20 text-brand\"> Sopa de cebolla<\/h4>\r\n                                                    <p class=\"mb-20\"> Te invito a disfrutar de mi deliciosa sopa de cebolla 100% artesanal! Esta sopa es una verdadera joya de la cocina casera, preparada con ingredientes frescos y naturales, seleccionados cuidadosamente para garantizar un sabor aut\u00e9ntico y una experiencia culinaria \u00fanica.<\/p>\r\n                    <\/div>\r\n    \t\t<\/div>\n\t\t\t\t<\/div>\n\t\t\t\t\t<\/div>\n\t\t\t\t<\/div>\n\t\t<div class=\"elementor-element elementor-element-def9432 e-flex e-con-boxed e-con e-parent\" data-id=\"def9432\" data-element_type=\"container\">\n\t\t\t\t\t<div class=\"e-con-inner\">\n\t\t\t\t<div class=\"elementor-element elementor-element-46531b9 elementor-widget-divider--view-line elementor-widget elementor-widget-divider\" data-id=\"46531b9\" data-element_type=\"widget\" data-widget_type=\"divider.default\">\n\t\t\t\t<div class=\"elementor-widget-container\">\n\t\t\t\t\t<div class=\"elementor-divider\">\n\t\t\t<span class=\"elementor-divider-separator\">\n\t\t\t\t\t\t<\/span>\n\t\t<\/div>\n\t\t\t\t<\/div>\n\t\t\t\t<\/div>\n\t\t\t\t\t<\/div>\n\t\t\t\t<\/div>\n\t\t<div class=\"elementor-element elementor-element-842dc9e e-flex e-con-boxed e-con e-parent\" data-id=\"842dc9e\" data-element_type=\"container\">\n\t\t\t\t\t<div class=\"e-con-inner\">\n\t\t<div class=\"elementor-element elementor-element-ebbcf25 e-con-full e-flex e-con e-child\" data-id=\"ebbcf25\" data-element_type=\"container\">\n\t\t\t\t<div class=\"elementor-element elementor-element-5dcce58 elementor-widget elementor-widget-image\" data-id=\"5dcce58\" data-element_type=\"widget\" data-widget_type=\"image.default\">\n\t\t\t\t<div class=\"elementor-widget-container\">\n\t\t\t\t\t\t\t\t\t\t\t\t\t<img fetchpriority=\"high\" decoding=\"async\" width=\"300\" height=\"300\" src=\"https:\/\/agenciayork.com\/hdf\/wp-content\/uploads\/2024\/08\/sopa-cebolla-950-300x300.png\" class=\"attachment-medium size-medium wp-image-11221\" alt=\"sopa cebolla 950\" srcset=\"https:\/\/agenciayork.com\/hdf\/wp-content\/uploads\/2024\/08\/sopa-cebolla-950-300x300.png 300w, https:\/\/agenciayork.com\/hdf\/wp-content\/uploads\/2024\/08\/sopa-cebolla-950-1024x1024.png 1024w, https:\/\/agenciayork.com\/hdf\/wp-content\/uploads\/2024\/08\/sopa-cebolla-950-150x150.png 150w, https:\/\/agenciayork.com\/hdf\/wp-content\/uploads\/2024\/08\/sopa-cebolla-950-768x768.png 768w, https:\/\/agenciayork.com\/hdf\/wp-content\/uploads\/2024\/08\/sopa-cebolla-950-600x600.png 600w, https:\/\/agenciayork.com\/hdf\/wp-content\/uploads\/2024\/08\/sopa-cebolla-950-100x100.png 100w, https:\/\/agenciayork.com\/hdf\/wp-content\/uploads\/2024\/08\/sopa-cebolla-950-50x50.png 50w, https:\/\/agenciayork.com\/hdf\/wp-content\/uploads\/2024\/08\/sopa-cebolla-950-64x64.png 64w, https:\/\/agenciayork.com\/hdf\/wp-content\/uploads\/2024\/08\/sopa-cebolla-950.png 1080w\" sizes=\"(max-width: 300px) 100vw, 300px\" \/>\t\t\t\t\t\t\t\t\t\t\t\t\t<\/div>\n\t\t\t\t<\/div>\n\t\t\t\t<\/div>\n\t\t<div class=\"elementor-element elementor-element-caedcf4 e-con-full e-flex e-con e-child\" data-id=\"caedcf4\" data-element_type=\"container\">\n\t\t\t\t<div class=\"elementor-element elementor-element-17b1ffb elementor-widget elementor-widget-heading\" data-id=\"17b1ffb\" data-element_type=\"widget\" data-widget_type=\"heading.default\">\n\t\t\t\t<div class=\"elementor-widget-container\">\n\t\t\t<h4 class=\"elementor-heading-title elementor-size-default\">RECETA CASERA Y 100% NATURAL<br>SIN CONSERVANTES NI ADITIVOS<\/h4>\t\t<\/div>\n\t\t\t\t<\/div>\n\t\t\t\t<div class=\"elementor-element elementor-element-cf23676 elementor-widget elementor-widget-nest-text-editor-v1\" data-id=\"cf23676\" data-element_type=\"widget\" data-widget_type=\"nest-text-editor-v1.default\">\n\t\t\t\t<div class=\"elementor-widget-container\">\n\t\t\t   <div class=\"custom_text_editor position-relative\">\r\n        <p>La sopa de cebolla es un\u00a0<strong>tesoro culinario<\/strong>\u00a0que trasciende fronteras y se ha convertido en un\u00a0<strong>s\u00edmbolo<\/strong>\u00a0de la gastronom\u00eda francesa en todo el mundo. Esta sopa encierra siglos de tradici\u00f3n y\u00a0<em>savoir-faire<\/em>\u00a0culinario en cada cucharada. Es un homenaje a la elegancia y la simplicidad de la cocina francesa, con un sabor que evoca recuerdos de hogar y calidez.<\/p><p>El proceso artesanal detr\u00e1s de cada lote de sopa de cebolla es una obra de arte en s\u00ed mismo. Desde el cuidadoso corte de las cebollas hasta la\u00a0<strong>lenta cocci\u00f3n<\/strong>\u00a0que permite que los sabores se mezclen y se desarrollen plenamente, cada paso se realiza con dedicaci\u00f3n y maestr\u00eda para garantizar una\u00a0<strong>calidad<\/strong>\u00a0excepcional en cada aspecto de esta creaci\u00f3n culinaria.<\/p><p>Al ser una sopa\u00a0<strong>100% natural<\/strong>, la sopa de cebolla es una opci\u00f3n saludable para aquellos que valoran la frescura y la autenticidad en su alimentaci\u00f3n. Libre de aditivos y conservantes artificiales, esta sopa ofrece lo mejor de la naturaleza en cada bocado.\u00a0<\/p><p><strong>Ingredientes<\/strong>\u00a0cebollas, licor de Co\u00f1ac, vino de Oporto, harina de chu\u00f1o, zanahorias, sal, tomillo, pimienta<\/p>    <\/div>\r\n\t\t<\/div>\n\t\t\t\t<\/div>\n\t\t\t\t<\/div>\n\t\t\t\t\t<\/div>\n\t\t\t\t<\/div>\n\t\t<div class=\"elementor-element elementor-element-2f765c3 e-flex e-con-boxed e-con e-parent\" data-id=\"2f765c3\" data-element_type=\"container\">\n\t\t\t\t\t<div class=\"e-con-inner\">\n\t\t\t\t<div class=\"elementor-element elementor-element-7a60a45 elementor-widget-divider--view-line elementor-widget elementor-widget-divider\" data-id=\"7a60a45\" data-element_type=\"widget\" data-widget_type=\"divider.default\">\n\t\t\t\t<div class=\"elementor-widget-container\">\n\t\t\t\t\t<div class=\"elementor-divider\">\n\t\t\t<span class=\"elementor-divider-separator\">\n\t\t\t\t\t\t<\/span>\n\t\t<\/div>\n\t\t\t\t<\/div>\n\t\t\t\t<\/div>\n\t\t\t\t\t<\/div>\n\t\t\t\t<\/div>\n\t\t<div class=\"elementor-element elementor-element-e7779f7 e-flex e-con-boxed e-con e-parent\" data-id=\"e7779f7\" data-element_type=\"container\">\n\t\t\t\t\t<div class=\"e-con-inner\">\n\t\t<div class=\"elementor-element elementor-element-d62f839 e-con-full e-flex e-con e-child\" data-id=\"d62f839\" data-element_type=\"container\">\n\t\t\t\t<div class=\"elementor-element elementor-element-d1be62f elementor-widget elementor-widget-heading\" data-id=\"d1be62f\" data-element_type=\"widget\" data-widget_type=\"heading.default\">\n\t\t\t\t<div class=\"elementor-widget-container\">\n\t\t\t<h4 class=\"elementor-heading-title elementor-size-default\">UNA SOPA A CALENTAR Y LISTA PARA COMER!<\/h4>\t\t<\/div>\n\t\t\t\t<\/div>\n\t\t\t\t<div class=\"elementor-element elementor-element-6978383 elementor-widget elementor-widget-nest-text-editor-v1\" data-id=\"6978383\" data-element_type=\"widget\" data-widget_type=\"nest-text-editor-v1.default\">\n\t\t\t\t<div class=\"elementor-widget-container\">\n\t\t\t   <div class=\"custom_text_editor position-relative\">\r\n        <p>Esta sopa es perfecta como\u00a0<strong>entrada<\/strong>\u00a0o\u00a0<strong>plato principal<\/strong>, especialmente en d\u00edas fr\u00edos o cuando simplemente quieras disfrutar de un plato reconfortante. Puedes acompa\u00f1arla con un trozo de pan crujiente o unas tostadas, y te aseguro que cada cucharada te har\u00e1 sentir como en casa.<\/p><p>La sopa de cebolla es mucho m\u00e1s que una simple sopa; es un viaje sensorial que despierta los sentidos y alimenta el alma. Cada cucharada es como un abrazo c\u00e1lido en forma de sabor, una invitaci\u00f3n a saborear la riqueza y la profundidad de la cocina francesa. Es un tributo a la historia y la cultura culinaria de Francia, y un recordatorio de que los mejores platos son aquellos que est\u00e1n hechos con amor y pasi\u00f3n.<\/p><p>Es un\u00a0<strong>cl\u00e1sico atemporal<\/strong>\u00a0que nunca pasa de moda. Con su\u00a0<strong>sabor<\/strong>\u00a0inconfundible y su\u00a0<strong>calidad<\/strong>\u00a0excepcional, esta sopa es una celebraci\u00f3n de todo lo que hace que la comida francesa sea tan especial.\u00a0<\/p><p><strong>Conservaci\u00f3n<\/strong>\u00a01 a\u00f1o en la despensa.<br \/>Una vez abierto refrigerar y consumir dentro de 5 a 7\u00a0d\u00edas.<\/p>    <\/div>\r\n\t\t<\/div>\n\t\t\t\t<\/div>\n\t\t\t\t<\/div>\n\t\t<div class=\"elementor-element elementor-element-f81520c e-con-full e-flex e-con e-child\" data-id=\"f81520c\" data-element_type=\"container\">\n\t\t\t\t<div class=\"elementor-element elementor-element-fd3c2bb elementor-widget elementor-widget-image\" data-id=\"fd3c2bb\" data-element_type=\"widget\" data-widget_type=\"image.default\">\n\t\t\t\t<div class=\"elementor-widget-container\">\n\t\t\t\t\t\t\t\t\t\t\t\t\t<img decoding=\"async\" width=\"300\" height=\"300\" src=\"https:\/\/agenciayork.com\/hdf\/wp-content\/uploads\/2024\/08\/Sopa-cebolla-presentacion-1080-300x300.jpg\" class=\"attachment-medium size-medium wp-image-11252\" alt=\"Sopa cebolla presentacion 1080\" srcset=\"https:\/\/agenciayork.com\/hdf\/wp-content\/uploads\/2024\/08\/Sopa-cebolla-presentacion-1080-300x300.jpg 300w, https:\/\/agenciayork.com\/hdf\/wp-content\/uploads\/2024\/08\/Sopa-cebolla-presentacion-1080-1024x1024.jpg 1024w, https:\/\/agenciayork.com\/hdf\/wp-content\/uploads\/2024\/08\/Sopa-cebolla-presentacion-1080-150x150.jpg 150w, https:\/\/agenciayork.com\/hdf\/wp-content\/uploads\/2024\/08\/Sopa-cebolla-presentacion-1080-768x768.jpg 768w, https:\/\/agenciayork.com\/hdf\/wp-content\/uploads\/2024\/08\/Sopa-cebolla-presentacion-1080-600x600.jpg 600w, https:\/\/agenciayork.com\/hdf\/wp-content\/uploads\/2024\/08\/Sopa-cebolla-presentacion-1080-100x100.jpg 100w, https:\/\/agenciayork.com\/hdf\/wp-content\/uploads\/2024\/08\/Sopa-cebolla-presentacion-1080-50x50.jpg 50w, https:\/\/agenciayork.com\/hdf\/wp-content\/uploads\/2024\/08\/Sopa-cebolla-presentacion-1080-64x64.jpg 64w, https:\/\/agenciayork.com\/hdf\/wp-content\/uploads\/2024\/08\/Sopa-cebolla-presentacion-1080.jpg 1080w\" sizes=\"(max-width: 300px) 100vw, 300px\" \/>\t\t\t\t\t\t\t\t\t\t\t\t\t<\/div>\n\t\t\t\t<\/div>\n\t\t\t\t<\/div>\n\t\t\t\t\t<\/div>\n\t\t\t\t<\/div>\n\t\t<div class=\"elementor-element elementor-element-00bc7ec e-flex e-con-boxed e-con e-parent\" data-id=\"00bc7ec\" data-element_type=\"container\">\n\t\t\t\t\t<div class=\"e-con-inner\">\n\t\t\t\t<div class=\"elementor-element elementor-element-46b000d elementor-widget-divider--view-line elementor-widget elementor-widget-divider\" data-id=\"46b000d\" data-element_type=\"widget\" data-widget_type=\"divider.default\">\n\t\t\t\t<div class=\"elementor-widget-container\">\n\t\t\t\t\t<div class=\"elementor-divider\">\n\t\t\t<span class=\"elementor-divider-separator\">\n\t\t\t\t\t\t<\/span>\n\t\t<\/div>\n\t\t\t\t<\/div>\n\t\t\t\t<\/div>\n\t\t\t\t\t<\/div>\n\t\t\t\t<\/div>\n\t\t<div class=\"elementor-element elementor-element-3c91f46 e-flex e-con-boxed e-con e-parent\" data-id=\"3c91f46\" data-element_type=\"container\">\n\t\t\t\t\t<div class=\"e-con-inner\">\n\t\t\t\t<div class=\"elementor-element elementor-element-baa816b elementor-widget elementor-widget-heading\" data-id=\"baa816b\" data-element_type=\"widget\" data-widget_type=\"heading.default\">\n\t\t\t\t<div class=\"elementor-widget-container\">\n\t\t\t<h4 class=\"elementor-heading-title elementor-size-default\">DESCUBRE TAMBIEN MIS OTRAS SOPAS<\/h4>\t\t<\/div>\n\t\t\t\t<\/div>\n\t\t\t\t\t<\/div>\n\t\t\t\t<\/div>\n\t\t<div class=\"elementor-element elementor-element-47faaca e-flex e-con-boxed e-con e-parent\" data-id=\"47faaca\" data-element_type=\"container\">\n\t\t\t\t\t<div class=\"e-con-inner\">\n\t\t\t\t<div class=\"elementor-element elementor-element-382c781 elementor-widget elementor-widget-image\" data-id=\"382c781\" data-element_type=\"widget\" data-widget_type=\"image.default\">\n\t\t\t\t<div class=\"elementor-widget-container\">\n\t\t\t\t\t\t\t\t\t\t\t\t\t\t<a href=\"https:\/\/agenciayork.com\/hdf\/categoria-producto\/sopas\/\">\n\t\t\t\t\t\t\t<img decoding=\"async\" width=\"768\" height=\"512\" src=\"https:\/\/agenciayork.com\/hdf\/wp-content\/uploads\/2023\/10\/Las-Sopas-768x512.png\" class=\"attachment-medium_large size-medium_large wp-image-11116\" alt=\"Todas las sopas\" srcset=\"https:\/\/agenciayork.com\/hdf\/wp-content\/uploads\/2023\/10\/Las-Sopas-768x512.png 768w, https:\/\/agenciayork.com\/hdf\/wp-content\/uploads\/2023\/10\/Las-Sopas-300x200.png 300w, https:\/\/agenciayork.com\/hdf\/wp-content\/uploads\/2023\/10\/Las-Sopas-1024x683.png 1024w, https:\/\/agenciayork.com\/hdf\/wp-content\/uploads\/2023\/10\/Las-Sopas-600x400.png 600w, https:\/\/agenciayork.com\/hdf\/wp-content\/uploads\/2023\/10\/Las-Sopas-64x43.png 64w, https:\/\/agenciayork.com\/hdf\/wp-content\/uploads\/2023\/10\/Las-Sopas.png 1200w\" sizes=\"(max-width: 768px) 100vw, 768px\" \/>\t\t\t\t\t\t\t\t<\/a>\n\t\t\t\t\t\t\t\t\t\t\t\t\t<\/div>\n\t\t\t\t<\/div>\n\t\t\t\t\t<\/div>\n\t\t\t\t<\/div>\n\t\t<div class=\"elementor-element elementor-element-60beaff e-flex e-con-boxed e-con e-parent\" data-id=\"60beaff\" data-element_type=\"container\">\n\t\t\t\t\t<div class=\"e-con-inner\">\n\t\t\t\t<div class=\"elementor-element elementor-element-543ef41 elementor-widget elementor-widget-nest-text-editor-v1\" data-id=\"543ef41\" data-element_type=\"widget\" data-widget_type=\"nest-text-editor-v1.default\">\n\t\t\t\t<div class=\"elementor-widget-container\">\n\t\t\t   <div class=\"custom_text_editor position-relative\">\r\n        <p>En mi compromiso con el <strong>medio ambiente<\/strong>, si me traes <strong>10 frascos<\/strong> vac\u00edos con su etiqueta original, te <strong>regalo<\/strong>\u00a0un producto.\u00a0<\/p>    <\/div>\r\n\t\t<\/div>\n\t\t\t\t<\/div>\n\t\t\t\t\t<\/div>\n\t\t\t\t<\/div>\n\t\t\t\t<\/div>\n\t\t","protected":false},"excerpt":{"rendered":"<p>La famosa sopa de cebolla, un gran cl\u00e1sico franc\u00e9s!!<\/p>\n<p>Artesanal &amp; 100% natural<\/p>\n<p><strong>Frasco de 950 ml<\/strong><\/p>\n","protected":false},"featured_media":11221,"template":"","meta":[],"product_brand":[],"product_cat":[166,137,147],"product_tag":[],"class_list":{"0":"post-5942","1":"product","2":"type-product","3":"status-publish","4":"has-post-thumbnail","6":"product_cat-mis-clasicos","7":"product_cat-platos-preparados","8":"product_cat-sopas","10":"first","11":"instock","12":"shipping-taxable","13":"purchasable","14":"product-type-simple"},"yoast_head":"<!-- This site is optimized with the Yoast SEO plugin v27.5 - https:\/\/yoast.com\/product\/yoast-seo-wordpress\/ -->\n<title>Sopa de cebolla 950 ml - H\u00e9l\u00e8ne de Fleurac<\/title>\n<meta name=\"description\" content=\"Descubre la aut\u00e9ntica sopa de cebolla, un cl\u00e1sico culinario franc\u00e9s presentado en un envase de 950 ml. Esta sopa es artesanal y 100% natural!\" \/>\n<meta name=\"robots\" content=\"index, follow, max-snippet:-1, max-image-preview:large, max-video-preview:-1\" \/>\n<link rel=\"canonical\" href=\"https:\/\/agenciayork.com\/hdf\/producto\/sopa-de-cebolla-950-ml\/\" \/>\n<meta property=\"og:locale\" content=\"es_ES\" \/>\n<meta property=\"og:type\" content=\"article\" \/>\n<meta property=\"og:title\" content=\"Sopa de cebolla 950 ml - H\u00e9l\u00e8ne de Fleurac\" \/>\n<meta property=\"og:description\" content=\"Descubre la aut\u00e9ntica sopa de cebolla, un cl\u00e1sico culinario franc\u00e9s presentado en un envase de 950 ml. Esta sopa es artesanal y 100% natural!\" \/>\n<meta property=\"og:url\" content=\"https:\/\/agenciayork.com\/hdf\/producto\/sopa-de-cebolla-950-ml\/\" \/>\n<meta property=\"og:site_name\" content=\"H\u00e9l\u00e8ne de Fleurac\" \/>\n<meta property=\"article:modified_time\" content=\"2024-10-14T13:01:25+00:00\" \/>\n<meta property=\"og:image\" content=\"https:\/\/agenciayork.com\/hdf\/wp-content\/uploads\/2024\/08\/sopa-cebolla-950.png\" \/>\n\t<meta property=\"og:image:width\" content=\"1080\" \/>\n\t<meta property=\"og:image:height\" content=\"1080\" \/>\n\t<meta property=\"og:image:type\" content=\"image\/png\" \/>\n<meta name=\"twitter:card\" content=\"summary_large_image\" \/>\n<meta name=\"twitter:label1\" content=\"Tiempo estimado de lectura\" \/>\n\t<meta name=\"twitter:data1\" content=\"3 minutos\" \/>\n<script type=\"application\/ld+json\" class=\"yoast-schema-graph\">{\"@context\":\"https:\\\/\\\/schema.org\",\"@graph\":[{\"@type\":\"WebPage\",\"@id\":\"https:\\\/\\\/agenciayork.com\\\/hdf\\\/producto\\\/sopa-de-cebolla-950-ml\\\/\",\"url\":\"https:\\\/\\\/agenciayork.com\\\/hdf\\\/producto\\\/sopa-de-cebolla-950-ml\\\/\",\"name\":\"Sopa de cebolla 950 ml - H\u00e9l\u00e8ne de Fleurac\",\"isPartOf\":{\"@id\":\"https:\\\/\\\/agenciayork.com\\\/hdf\\\/#website\"},\"primaryImageOfPage\":{\"@id\":\"https:\\\/\\\/agenciayork.com\\\/hdf\\\/producto\\\/sopa-de-cebolla-950-ml\\\/#primaryimage\"},\"image\":{\"@id\":\"https:\\\/\\\/agenciayork.com\\\/hdf\\\/producto\\\/sopa-de-cebolla-950-ml\\\/#primaryimage\"},\"thumbnailUrl\":\"https:\\\/\\\/agenciayork.com\\\/hdf\\\/wp-content\\\/uploads\\\/2024\\\/08\\\/sopa-cebolla-950.png\",\"datePublished\":\"2023-10-25T14:28:12+00:00\",\"dateModified\":\"2024-10-14T13:01:25+00:00\",\"description\":\"Descubre la aut\u00e9ntica sopa de cebolla, un cl\u00e1sico culinario franc\u00e9s presentado en un envase de 950 ml. Esta sopa es artesanal y 100% natural!\",\"breadcrumb\":{\"@id\":\"https:\\\/\\\/agenciayork.com\\\/hdf\\\/producto\\\/sopa-de-cebolla-950-ml\\\/#breadcrumb\"},\"inLanguage\":\"es-CL\",\"potentialAction\":[{\"@type\":\"ReadAction\",\"target\":[\"https:\\\/\\\/agenciayork.com\\\/hdf\\\/producto\\\/sopa-de-cebolla-950-ml\\\/\"]}]},{\"@type\":\"ImageObject\",\"inLanguage\":\"es-CL\",\"@id\":\"https:\\\/\\\/agenciayork.com\\\/hdf\\\/producto\\\/sopa-de-cebolla-950-ml\\\/#primaryimage\",\"url\":\"https:\\\/\\\/agenciayork.com\\\/hdf\\\/wp-content\\\/uploads\\\/2024\\\/08\\\/sopa-cebolla-950.png\",\"contentUrl\":\"https:\\\/\\\/agenciayork.com\\\/hdf\\\/wp-content\\\/uploads\\\/2024\\\/08\\\/sopa-cebolla-950.png\",\"width\":1080,\"height\":1080,\"caption\":\"sopa cebolla 950\"},{\"@type\":\"BreadcrumbList\",\"@id\":\"https:\\\/\\\/agenciayork.com\\\/hdf\\\/producto\\\/sopa-de-cebolla-950-ml\\\/#breadcrumb\",\"itemListElement\":[{\"@type\":\"ListItem\",\"position\":1,\"name\":\"Portada\",\"item\":\"https:\\\/\\\/agenciayork.com\\\/hdf\\\/\"},{\"@type\":\"ListItem\",\"position\":2,\"name\":\"Tienda\",\"item\":\"https:\\\/\\\/agenciayork.com\\\/hdf\\\/mejores-productos-de-la-gastronomia-francesa\\\/\"},{\"@type\":\"ListItem\",\"position\":3,\"name\":\"Sopa de cebolla 950 ml\"}]},{\"@type\":\"WebSite\",\"@id\":\"https:\\\/\\\/agenciayork.com\\\/hdf\\\/#website\",\"url\":\"https:\\\/\\\/agenciayork.com\\\/hdf\\\/\",\"name\":\"H\u00e9l\u00e8ne de Fleurac\",\"description\":\"Gastronom\u00eda francesa\",\"potentialAction\":[{\"@type\":\"SearchAction\",\"target\":{\"@type\":\"EntryPoint\",\"urlTemplate\":\"https:\\\/\\\/agenciayork.com\\\/hdf\\\/?s={search_term_string}\"},\"query-input\":{\"@type\":\"PropertyValueSpecification\",\"valueRequired\":true,\"valueName\":\"search_term_string\"}}],\"inLanguage\":\"es-CL\"}]}<\/script>\n<!-- \/ Yoast SEO plugin. -->","yoast_head_json":{"title":"Sopa de cebolla 950 ml - H\u00e9l\u00e8ne de Fleurac","description":"Descubre la aut\u00e9ntica sopa de cebolla, un cl\u00e1sico culinario franc\u00e9s presentado en un envase de 950 ml. Esta sopa es artesanal y 100% natural!","robots":{"index":"index","follow":"follow","max-snippet":"max-snippet:-1","max-image-preview":"max-image-preview:large","max-video-preview":"max-video-preview:-1"},"canonical":"https:\/\/agenciayork.com\/hdf\/producto\/sopa-de-cebolla-950-ml\/","og_locale":"es_ES","og_type":"article","og_title":"Sopa de cebolla 950 ml - H\u00e9l\u00e8ne de Fleurac","og_description":"Descubre la aut\u00e9ntica sopa de cebolla, un cl\u00e1sico culinario franc\u00e9s presentado en un envase de 950 ml. Esta sopa es artesanal y 100% natural!","og_url":"https:\/\/agenciayork.com\/hdf\/producto\/sopa-de-cebolla-950-ml\/","og_site_name":"H\u00e9l\u00e8ne de Fleurac","article_modified_time":"2024-10-14T13:01:25+00:00","og_image":[{"width":1080,"height":1080,"url":"https:\/\/agenciayork.com\/hdf\/wp-content\/uploads\/2024\/08\/sopa-cebolla-950.png","type":"image\/png"}],"twitter_card":"summary_large_image","twitter_misc":{"Tiempo estimado de lectura":"3 minutos"},"schema":{"@context":"https:\/\/schema.org","@graph":[{"@type":"WebPage","@id":"https:\/\/agenciayork.com\/hdf\/producto\/sopa-de-cebolla-950-ml\/","url":"https:\/\/agenciayork.com\/hdf\/producto\/sopa-de-cebolla-950-ml\/","name":"Sopa de cebolla 950 ml - H\u00e9l\u00e8ne de Fleurac","isPartOf":{"@id":"https:\/\/agenciayork.com\/hdf\/#website"},"primaryImageOfPage":{"@id":"https:\/\/agenciayork.com\/hdf\/producto\/sopa-de-cebolla-950-ml\/#primaryimage"},"image":{"@id":"https:\/\/agenciayork.com\/hdf\/producto\/sopa-de-cebolla-950-ml\/#primaryimage"},"thumbnailUrl":"https:\/\/agenciayork.com\/hdf\/wp-content\/uploads\/2024\/08\/sopa-cebolla-950.png","datePublished":"2023-10-25T14:28:12+00:00","dateModified":"2024-10-14T13:01:25+00:00","description":"Descubre la aut\u00e9ntica sopa de cebolla, un cl\u00e1sico culinario franc\u00e9s presentado en un envase de 950 ml. Esta sopa es artesanal y 100% natural!","breadcrumb":{"@id":"https:\/\/agenciayork.com\/hdf\/producto\/sopa-de-cebolla-950-ml\/#breadcrumb"},"inLanguage":"es-CL","potentialAction":[{"@type":"ReadAction","target":["https:\/\/agenciayork.com\/hdf\/producto\/sopa-de-cebolla-950-ml\/"]}]},{"@type":"ImageObject","inLanguage":"es-CL","@id":"https:\/\/agenciayork.com\/hdf\/producto\/sopa-de-cebolla-950-ml\/#primaryimage","url":"https:\/\/agenciayork.com\/hdf\/wp-content\/uploads\/2024\/08\/sopa-cebolla-950.png","contentUrl":"https:\/\/agenciayork.com\/hdf\/wp-content\/uploads\/2024\/08\/sopa-cebolla-950.png","width":1080,"height":1080,"caption":"sopa cebolla 950"},{"@type":"BreadcrumbList","@id":"https:\/\/agenciayork.com\/hdf\/producto\/sopa-de-cebolla-950-ml\/#breadcrumb","itemListElement":[{"@type":"ListItem","position":1,"name":"Portada","item":"https:\/\/agenciayork.com\/hdf\/"},{"@type":"ListItem","position":2,"name":"Tienda","item":"https:\/\/agenciayork.com\/hdf\/mejores-productos-de-la-gastronomia-francesa\/"},{"@type":"ListItem","position":3,"name":"Sopa de cebolla 950 ml"}]},{"@type":"WebSite","@id":"https:\/\/agenciayork.com\/hdf\/#website","url":"https:\/\/agenciayork.com\/hdf\/","name":"H\u00e9l\u00e8ne de Fleurac","description":"Gastronom\u00eda francesa","potentialAction":[{"@type":"SearchAction","target":{"@type":"EntryPoint","urlTemplate":"https:\/\/agenciayork.com\/hdf\/?s={search_term_string}"},"query-input":{"@type":"PropertyValueSpecification","valueRequired":true,"valueName":"search_term_string"}}],"inLanguage":"es-CL"}]}},"_links":{"self":[{"href":"https:\/\/agenciayork.com\/hdf\/wp-json\/wp\/v2\/product\/5942","targetHints":{"allow":["GET"]}}],"collection":[{"href":"https:\/\/agenciayork.com\/hdf\/wp-json\/wp\/v2\/product"}],"about":[{"href":"https:\/\/agenciayork.com\/hdf\/wp-json\/wp\/v2\/types\/product"}],"version-history":[{"count":12,"href":"https:\/\/agenciayork.com\/hdf\/wp-json\/wp\/v2\/product\/5942\/revisions"}],"predecessor-version":[{"id":12290,"href":"https:\/\/agenciayork.com\/hdf\/wp-json\/wp\/v2\/product\/5942\/revisions\/12290"}],"wp:featuredmedia":[{"embeddable":true,"href":"https:\/\/agenciayork.com\/hdf\/wp-json\/wp\/v2\/media\/11221"}],"wp:attachment":[{"href":"https:\/\/agenciayork.com\/hdf\/wp-json\/wp\/v2\/media?parent=5942"}],"wp:term":[{"taxonomy":"product_brand","embeddable":true,"href":"https:\/\/agenciayork.com\/hdf\/wp-json\/wp\/v2\/product_brand?post=5942"},{"taxonomy":"product_cat","embeddable":true,"href":"https:\/\/agenciayork.com\/hdf\/wp-json\/wp\/v2\/product_cat?post=5942"},{"taxonomy":"product_tag","embeddable":true,"href":"https:\/\/agenciayork.com\/hdf\/wp-json\/wp\/v2\/product_tag?post=5942"}],"curies":[{"name":"wp","href":"https:\/\/api.w.org\/{rel}","templated":true}]}}