{"id":5952,"date":"2023-10-25T11:28:21","date_gmt":"2023-10-25T14:28:21","guid":{"rendered":"https:\/\/agenciayork.com\/hdf\/producto\/soupe-la-vichyssoise-400-ml\/"},"modified":"2024-10-08T12:46:00","modified_gmt":"2024-10-08T15:46:00","slug":"soupe-la-vichyssoise-400-ml","status":"publish","type":"product","link":"https:\/\/agenciayork.com\/hdf\/producto\/soupe-la-vichyssoise-400-ml\/","title":{"rendered":"Sopa la Vichyssoise 400 ml"},"content":{"rendered":"\t\t<div data-elementor-type=\"wp-post\" data-elementor-id=\"5952\" class=\"elementor elementor-5952\">\n\t\t\t\t<div class=\"elementor-element elementor-element-9f0aa45 e-flex e-con-boxed e-con e-parent\" data-id=\"9f0aa45\" data-element_type=\"container\">\n\t\t\t\t\t<div class=\"e-con-inner\">\n\t\t\t\t<div class=\"elementor-element elementor-element-7fd8ed8 elementor-widget elementor-widget-nest-title-v1\" data-id=\"7fd8ed8\" data-element_type=\"widget\" data-widget_type=\"nest-title-v1.default\">\n\t\t\t\t<div class=\"elementor-widget-container\">\n\t\t\t        <div class=\"section_title type_one\">\r\n                            <h4 class=\"mb-20 text-brand\"> Sopa la vichyssoise<\/h4>\r\n                                                    <p class=\"mb-20\"> Te invito a disfrutar de mi deliciosa sopa la Vichyssoise, sopa de puerros y papas artesanal! Esta sopa es una verdadera joya de la cocina casera, preparada con ingredientes frescos y naturales, seleccionados cuidadosamente para garantizar un sabor aut\u00e9ntico y una experiencia culinaria \u00fanica.<\/p>\r\n                    <\/div>\r\n    \t\t<\/div>\n\t\t\t\t<\/div>\n\t\t\t\t\t<\/div>\n\t\t\t\t<\/div>\n\t\t<div class=\"elementor-element elementor-element-2a392f9 e-flex e-con-boxed e-con e-parent\" data-id=\"2a392f9\" data-element_type=\"container\">\n\t\t\t\t\t<div class=\"e-con-inner\">\n\t\t\t\t<div class=\"elementor-element elementor-element-8d46d06 elementor-widget-divider--view-line elementor-widget elementor-widget-divider\" data-id=\"8d46d06\" data-element_type=\"widget\" data-widget_type=\"divider.default\">\n\t\t\t\t<div class=\"elementor-widget-container\">\n\t\t\t\t\t<div class=\"elementor-divider\">\n\t\t\t<span class=\"elementor-divider-separator\">\n\t\t\t\t\t\t<\/span>\n\t\t<\/div>\n\t\t\t\t<\/div>\n\t\t\t\t<\/div>\n\t\t\t\t\t<\/div>\n\t\t\t\t<\/div>\n\t\t<div class=\"elementor-element elementor-element-701e95a e-flex e-con-boxed e-con e-parent\" data-id=\"701e95a\" data-element_type=\"container\">\n\t\t\t\t\t<div class=\"e-con-inner\">\n\t\t<div class=\"elementor-element elementor-element-4eac7b6 e-con-full e-flex e-con e-child\" data-id=\"4eac7b6\" data-element_type=\"container\">\n\t\t\t\t<div class=\"elementor-element elementor-element-c6ab345 elementor-widget elementor-widget-image\" data-id=\"c6ab345\" data-element_type=\"widget\" data-widget_type=\"image.default\">\n\t\t\t\t<div class=\"elementor-widget-container\">\n\t\t\t\t\t\t\t\t\t\t\t\t\t<img fetchpriority=\"high\" decoding=\"async\" width=\"300\" height=\"300\" src=\"https:\/\/agenciayork.com\/hdf\/wp-content\/uploads\/2024\/08\/sopa-vichyssoise-400-300x300.png\" class=\"attachment-medium size-medium wp-image-11225\" alt=\"sopa vichyssoise 400\" srcset=\"https:\/\/agenciayork.com\/hdf\/wp-content\/uploads\/2024\/08\/sopa-vichyssoise-400-300x300.png 300w, https:\/\/agenciayork.com\/hdf\/wp-content\/uploads\/2024\/08\/sopa-vichyssoise-400-1024x1024.png 1024w, https:\/\/agenciayork.com\/hdf\/wp-content\/uploads\/2024\/08\/sopa-vichyssoise-400-150x150.png 150w, https:\/\/agenciayork.com\/hdf\/wp-content\/uploads\/2024\/08\/sopa-vichyssoise-400-768x768.png 768w, https:\/\/agenciayork.com\/hdf\/wp-content\/uploads\/2024\/08\/sopa-vichyssoise-400-600x600.png 600w, https:\/\/agenciayork.com\/hdf\/wp-content\/uploads\/2024\/08\/sopa-vichyssoise-400-100x100.png 100w, https:\/\/agenciayork.com\/hdf\/wp-content\/uploads\/2024\/08\/sopa-vichyssoise-400-50x50.png 50w, https:\/\/agenciayork.com\/hdf\/wp-content\/uploads\/2024\/08\/sopa-vichyssoise-400-64x64.png 64w, https:\/\/agenciayork.com\/hdf\/wp-content\/uploads\/2024\/08\/sopa-vichyssoise-400.png 1080w\" sizes=\"(max-width: 300px) 100vw, 300px\" \/>\t\t\t\t\t\t\t\t\t\t\t\t\t<\/div>\n\t\t\t\t<\/div>\n\t\t\t\t<\/div>\n\t\t<div class=\"elementor-element elementor-element-459374f e-con-full e-flex e-con e-child\" data-id=\"459374f\" data-element_type=\"container\">\n\t\t\t\t<div class=\"elementor-element elementor-element-dc90153 elementor-widget elementor-widget-heading\" data-id=\"dc90153\" data-element_type=\"widget\" data-widget_type=\"heading.default\">\n\t\t\t\t<div class=\"elementor-widget-container\">\n\t\t\t<h4 class=\"elementor-heading-title elementor-size-default\">RECETA CASERA Y 100% NATURAL<br>SIN CONSERVANTES NI ADITIVOS<\/h4>\t\t<\/div>\n\t\t\t\t<\/div>\n\t\t\t\t<div class=\"elementor-element elementor-element-47cb756 elementor-widget elementor-widget-nest-text-editor-v1\" data-id=\"47cb756\" data-element_type=\"widget\" data-widget_type=\"nest-text-editor-v1.default\">\n\t\t\t\t<div class=\"elementor-widget-container\">\n\t\t\t   <div class=\"custom_text_editor position-relative\">\r\n        <p>La sopa la Vichyssoise es un tesoro culinario que encarna la esencia misma de la <strong>sofisticaci\u00f3n<\/strong> y la delicia gastron\u00f3mica. Esta crema lleva a los comensales a un viaje sensorial a trav\u00e9s de los campos de <strong>puerros<\/strong> y la suavidad reconfortante de las <strong>papas<\/strong>. Su calidad <strong>artesanal<\/strong> y su compromiso con lo natural la convierten en una <strong>opci\u00f3n gourmet<\/strong> que deleita tanto al paladar como al alma.<\/p><p>En cada cucharada de esta sopa, se puede saborear la dedicaci\u00f3n y el cuidado con los que se seleccionan y combinan los ingredientes. Los puerros, con su sabor delicado y arom\u00e1tico, se funden armoniosamente con las papas, creando una textura sedosa y un sabor equilibrado que es simplemente irresistible. Esta sopa es mucho m\u00e1s que una simple mezcla de ingredientes; es el resultado de una tradici\u00f3n culinaria centenaria, llevada a cabo con pasi\u00f3n y maestr\u00eda.<\/p><p>Al ser una creaci\u00f3n artesanal, cada lote de sopa la Vichyssoise se prepara con esmero y atenci\u00f3n al detalle, garantizando as\u00ed su frescura y calidad excepcionales. Esta sopa es un verdadero reflejo del arte culinario franc\u00e9s, donde la simplicidad de los ingredientes se transforma en una experiencia gastron\u00f3mica sublime. Cada sorbo es como una caricia para el paladar, una invitaci\u00f3n a disfrutar de los placeres simples pero exquisitos de la vida.<\/p><p><strong>Ingredientes<\/strong> puerro, papa, crema, agua, leche, grasa de pato<\/p>    <\/div>\r\n\t\t<\/div>\n\t\t\t\t<\/div>\n\t\t\t\t<\/div>\n\t\t\t\t\t<\/div>\n\t\t\t\t<\/div>\n\t\t<div class=\"elementor-element elementor-element-672406a e-flex e-con-boxed e-con e-parent\" data-id=\"672406a\" data-element_type=\"container\">\n\t\t\t\t\t<div class=\"e-con-inner\">\n\t\t\t\t<div class=\"elementor-element elementor-element-07c86a9 elementor-widget-divider--view-line elementor-widget elementor-widget-divider\" data-id=\"07c86a9\" data-element_type=\"widget\" data-widget_type=\"divider.default\">\n\t\t\t\t<div class=\"elementor-widget-container\">\n\t\t\t\t\t<div class=\"elementor-divider\">\n\t\t\t<span class=\"elementor-divider-separator\">\n\t\t\t\t\t\t<\/span>\n\t\t<\/div>\n\t\t\t\t<\/div>\n\t\t\t\t<\/div>\n\t\t\t\t\t<\/div>\n\t\t\t\t<\/div>\n\t\t<div class=\"elementor-element elementor-element-6ae1dff e-flex e-con-boxed e-con e-parent\" data-id=\"6ae1dff\" data-element_type=\"container\">\n\t\t\t\t\t<div class=\"e-con-inner\">\n\t\t<div class=\"elementor-element elementor-element-7fb1556 e-con-full e-flex e-con e-child\" data-id=\"7fb1556\" data-element_type=\"container\">\n\t\t\t\t<div class=\"elementor-element elementor-element-83655e5 elementor-widget elementor-widget-heading\" data-id=\"83655e5\" data-element_type=\"widget\" data-widget_type=\"heading.default\">\n\t\t\t\t<div class=\"elementor-widget-container\">\n\t\t\t<h4 class=\"elementor-heading-title elementor-size-default\">UNA SOPA A CALENTAR Y LISTA PARA COMER!<\/h4>\t\t<\/div>\n\t\t\t\t<\/div>\n\t\t\t\t<div class=\"elementor-element elementor-element-cacb5e8 elementor-widget elementor-widget-text-editor\" data-id=\"cacb5e8\" data-element_type=\"widget\" data-widget_type=\"text-editor.default\">\n\t\t\t\t<div class=\"elementor-widget-container\">\n\t\t\t\t\t\t\t<p>La sopa la Vichyssoise es una opci\u00f3n vers\u00e1til que se adapta a cualquier ocasi\u00f3n y preferencia gastron\u00f3mica. Esta sopa es perfecta como\u00a0<strong>entrada<\/strong>\u00a0o\u00a0<strong>plato principal<\/strong>, especialmente en d\u00edas fr\u00edos o cuando simplemente quieras disfrutar de un plato reconfortante. Puedes acompa\u00f1arla con un trozo de pan crujiente o unas tostadas, y te aseguro que cada cucharada te har\u00e1 sentir como en casa.<\/p><p>La sopa la Vichyssoise es mucho m\u00e1s que una simple crema de puerro y papas; es una obra maestra culinaria que celebra la belleza de lo simple y lo aut\u00e9ntico. Con su sabor exquisito y su calidad inigualable, esta sopa es una invitaci\u00f3n a disfrutar de la buena comida y la buena vida, en su forma m\u00e1s pura y deliciosa.<\/p><p><strong>Conservaci\u00f3n<\/strong>\u00a01 a\u00f1o en la despensa.<br \/>Una vez abierto refrigerar y consumir dentro de 5 a 7\u00a0d\u00edas.<\/p>\t\t\t\t\t\t<\/div>\n\t\t\t\t<\/div>\n\t\t\t\t<\/div>\n\t\t<div class=\"elementor-element elementor-element-a1c6339 e-con-full e-flex e-con e-child\" data-id=\"a1c6339\" data-element_type=\"container\">\n\t\t\t\t<div class=\"elementor-element elementor-element-9f50d0d elementor-widget elementor-widget-image\" data-id=\"9f50d0d\" data-element_type=\"widget\" data-widget_type=\"image.default\">\n\t\t\t\t<div class=\"elementor-widget-container\">\n\t\t\t\t\t\t\t\t\t\t\t\t\t<img decoding=\"async\" width=\"300\" height=\"300\" src=\"https:\/\/agenciayork.com\/hdf\/wp-content\/uploads\/2024\/08\/Sopa-Vichyssoise-presentacion-1080-300x300.jpg\" class=\"attachment-medium size-medium wp-image-11253\" alt=\"Sopa Vichyssoise presentacion 1080\" srcset=\"https:\/\/agenciayork.com\/hdf\/wp-content\/uploads\/2024\/08\/Sopa-Vichyssoise-presentacion-1080-300x300.jpg 300w, https:\/\/agenciayork.com\/hdf\/wp-content\/uploads\/2024\/08\/Sopa-Vichyssoise-presentacion-1080-1024x1024.jpg 1024w, https:\/\/agenciayork.com\/hdf\/wp-content\/uploads\/2024\/08\/Sopa-Vichyssoise-presentacion-1080-150x150.jpg 150w, https:\/\/agenciayork.com\/hdf\/wp-content\/uploads\/2024\/08\/Sopa-Vichyssoise-presentacion-1080-768x768.jpg 768w, https:\/\/agenciayork.com\/hdf\/wp-content\/uploads\/2024\/08\/Sopa-Vichyssoise-presentacion-1080-600x600.jpg 600w, https:\/\/agenciayork.com\/hdf\/wp-content\/uploads\/2024\/08\/Sopa-Vichyssoise-presentacion-1080-100x100.jpg 100w, https:\/\/agenciayork.com\/hdf\/wp-content\/uploads\/2024\/08\/Sopa-Vichyssoise-presentacion-1080-50x50.jpg 50w, https:\/\/agenciayork.com\/hdf\/wp-content\/uploads\/2024\/08\/Sopa-Vichyssoise-presentacion-1080-64x64.jpg 64w, https:\/\/agenciayork.com\/hdf\/wp-content\/uploads\/2024\/08\/Sopa-Vichyssoise-presentacion-1080.jpg 1080w\" sizes=\"(max-width: 300px) 100vw, 300px\" \/>\t\t\t\t\t\t\t\t\t\t\t\t\t<\/div>\n\t\t\t\t<\/div>\n\t\t\t\t<\/div>\n\t\t\t\t\t<\/div>\n\t\t\t\t<\/div>\n\t\t<div class=\"elementor-element elementor-element-5b13637 e-flex e-con-boxed e-con e-parent\" data-id=\"5b13637\" data-element_type=\"container\">\n\t\t\t\t\t<div class=\"e-con-inner\">\n\t\t\t\t<div class=\"elementor-element elementor-element-9881365 elementor-widget-divider--view-line elementor-widget elementor-widget-divider\" data-id=\"9881365\" data-element_type=\"widget\" data-widget_type=\"divider.default\">\n\t\t\t\t<div class=\"elementor-widget-container\">\n\t\t\t\t\t<div class=\"elementor-divider\">\n\t\t\t<span class=\"elementor-divider-separator\">\n\t\t\t\t\t\t<\/span>\n\t\t<\/div>\n\t\t\t\t<\/div>\n\t\t\t\t<\/div>\n\t\t\t\t\t<\/div>\n\t\t\t\t<\/div>\n\t\t<div class=\"elementor-element elementor-element-f9c7c98 e-flex e-con-boxed e-con e-parent\" data-id=\"f9c7c98\" data-element_type=\"container\">\n\t\t\t\t\t<div class=\"e-con-inner\">\n\t\t\t\t<div class=\"elementor-element elementor-element-327e7c2 elementor-widget elementor-widget-heading\" data-id=\"327e7c2\" data-element_type=\"widget\" data-widget_type=\"heading.default\">\n\t\t\t\t<div class=\"elementor-widget-container\">\n\t\t\t<h4 class=\"elementor-heading-title elementor-size-default\">DESCUBRE TAMBIEN MIS OTRAS SOPAS<\/h4>\t\t<\/div>\n\t\t\t\t<\/div>\n\t\t\t\t\t<\/div>\n\t\t\t\t<\/div>\n\t\t<div class=\"elementor-element elementor-element-3718cd0 e-flex e-con-boxed e-con e-parent\" data-id=\"3718cd0\" data-element_type=\"container\">\n\t\t\t\t\t<div class=\"e-con-inner\">\n\t\t\t\t<div class=\"elementor-element elementor-element-6ec3001 elementor-widget elementor-widget-image\" data-id=\"6ec3001\" data-element_type=\"widget\" data-widget_type=\"image.default\">\n\t\t\t\t<div class=\"elementor-widget-container\">\n\t\t\t\t\t\t\t\t\t\t\t\t\t\t<a href=\"https:\/\/agenciayork.com\/hdf\/categoria-producto\/sopas\/\">\n\t\t\t\t\t\t\t<img decoding=\"async\" width=\"768\" height=\"512\" src=\"https:\/\/agenciayork.com\/hdf\/wp-content\/uploads\/2023\/10\/Las-Sopas-768x512.png\" class=\"attachment-medium_large size-medium_large wp-image-11116\" alt=\"Todas las sopas\" srcset=\"https:\/\/agenciayork.com\/hdf\/wp-content\/uploads\/2023\/10\/Las-Sopas-768x512.png 768w, https:\/\/agenciayork.com\/hdf\/wp-content\/uploads\/2023\/10\/Las-Sopas-300x200.png 300w, https:\/\/agenciayork.com\/hdf\/wp-content\/uploads\/2023\/10\/Las-Sopas-1024x683.png 1024w, https:\/\/agenciayork.com\/hdf\/wp-content\/uploads\/2023\/10\/Las-Sopas-600x400.png 600w, https:\/\/agenciayork.com\/hdf\/wp-content\/uploads\/2023\/10\/Las-Sopas-64x43.png 64w, https:\/\/agenciayork.com\/hdf\/wp-content\/uploads\/2023\/10\/Las-Sopas.png 1200w\" sizes=\"(max-width: 768px) 100vw, 768px\" \/>\t\t\t\t\t\t\t\t<\/a>\n\t\t\t\t\t\t\t\t\t\t\t\t\t<\/div>\n\t\t\t\t<\/div>\n\t\t\t\t\t<\/div>\n\t\t\t\t<\/div>\n\t\t<div class=\"elementor-element elementor-element-1c2e89d e-flex e-con-boxed e-con e-parent\" data-id=\"1c2e89d\" data-element_type=\"container\">\n\t\t\t\t\t<div class=\"e-con-inner\">\n\t\t\t\t<div class=\"elementor-element elementor-element-ce9cedd elementor-widget elementor-widget-nest-text-editor-v1\" data-id=\"ce9cedd\" data-element_type=\"widget\" data-widget_type=\"nest-text-editor-v1.default\">\n\t\t\t\t<div class=\"elementor-widget-container\">\n\t\t\t   <div class=\"custom_text_editor position-relative\">\r\n        <p>En mi compromiso con el <strong>medio ambiente<\/strong>, si me traes <strong>10 frascos<\/strong> vac\u00edos con su etiqueta original, te <strong>regalo<\/strong>\u00a0un producto.\u00a0<\/p>    <\/div>\r\n\t\t<\/div>\n\t\t\t\t<\/div>\n\t\t\t\t\t<\/div>\n\t\t\t\t<\/div>\n\t\t\t\t<\/div>\n\t\t","protected":false},"excerpt":{"rendered":"<p>La soupe Vichyssoise es una exquisita crema de puerro y papas!<\/p>\n<p>ARTESANAL &amp; 100% NATURAL<\/p>\n<p>Frasco de 400 ml<\/p>\n","protected":false},"featured_media":11225,"template":"","meta":[],"product_brand":[],"product_cat":[137,160,147],"product_tag":[],"class_list":{"0":"post-5952","1":"product","2":"type-product","3":"status-publish","4":"has-post-thumbnail","6":"product_cat-platos-preparados","7":"product_cat-productos-vegetarianos","8":"product_cat-sopas","10":"first","11":"instock","12":"shipping-taxable","13":"purchasable","14":"product-type-simple"},"yoast_head":"<!-- This site is optimized with the Yoast SEO plugin v27.5 - https:\/\/yoast.com\/product\/yoast-seo-wordpress\/ -->\n<title>Sopa la Vichyssoise 400 ml - H\u00e9l\u00e8ne de Fleurac<\/title>\n<meta name=\"description\" content=\"Descubre la exquisita Soupe La Vichyssoise 400 ml, una crema artesanal de puerro y papas que cautiva con su sabor delicado y su textura sedosa..\" \/>\n<meta name=\"robots\" content=\"index, follow, max-snippet:-1, max-image-preview:large, max-video-preview:-1\" \/>\n<link rel=\"canonical\" href=\"https:\/\/agenciayork.com\/hdf\/producto\/soupe-la-vichyssoise-400-ml\/\" \/>\n<meta property=\"og:locale\" content=\"es_ES\" \/>\n<meta property=\"og:type\" content=\"article\" \/>\n<meta property=\"og:title\" content=\"Sopa la Vichyssoise 400 ml - H\u00e9l\u00e8ne de Fleurac\" \/>\n<meta property=\"og:description\" content=\"Descubre la exquisita Soupe La Vichyssoise 400 ml, una crema artesanal de puerro y papas que cautiva con su sabor delicado y su textura sedosa..\" \/>\n<meta property=\"og:url\" content=\"https:\/\/agenciayork.com\/hdf\/producto\/soupe-la-vichyssoise-400-ml\/\" \/>\n<meta property=\"og:site_name\" content=\"H\u00e9l\u00e8ne de Fleurac\" \/>\n<meta property=\"article:modified_time\" content=\"2024-10-08T15:46:00+00:00\" \/>\n<meta property=\"og:image\" content=\"https:\/\/agenciayork.com\/hdf\/wp-content\/uploads\/2024\/08\/sopa-vichyssoise-400.png\" \/>\n\t<meta property=\"og:image:width\" content=\"1080\" \/>\n\t<meta property=\"og:image:height\" content=\"1080\" \/>\n\t<meta property=\"og:image:type\" content=\"image\/png\" \/>\n<meta name=\"twitter:card\" content=\"summary_large_image\" \/>\n<meta name=\"twitter:label1\" content=\"Tiempo estimado de lectura\" \/>\n\t<meta name=\"twitter:data1\" content=\"3 minutos\" \/>\n<script type=\"application\/ld+json\" class=\"yoast-schema-graph\">{\"@context\":\"https:\\\/\\\/schema.org\",\"@graph\":[{\"@type\":\"WebPage\",\"@id\":\"https:\\\/\\\/agenciayork.com\\\/hdf\\\/producto\\\/soupe-la-vichyssoise-400-ml\\\/\",\"url\":\"https:\\\/\\\/agenciayork.com\\\/hdf\\\/producto\\\/soupe-la-vichyssoise-400-ml\\\/\",\"name\":\"Sopa la Vichyssoise 400 ml - H\u00e9l\u00e8ne de Fleurac\",\"isPartOf\":{\"@id\":\"https:\\\/\\\/agenciayork.com\\\/hdf\\\/#website\"},\"primaryImageOfPage\":{\"@id\":\"https:\\\/\\\/agenciayork.com\\\/hdf\\\/producto\\\/soupe-la-vichyssoise-400-ml\\\/#primaryimage\"},\"image\":{\"@id\":\"https:\\\/\\\/agenciayork.com\\\/hdf\\\/producto\\\/soupe-la-vichyssoise-400-ml\\\/#primaryimage\"},\"thumbnailUrl\":\"https:\\\/\\\/agenciayork.com\\\/hdf\\\/wp-content\\\/uploads\\\/2024\\\/08\\\/sopa-vichyssoise-400.png\",\"datePublished\":\"2023-10-25T14:28:21+00:00\",\"dateModified\":\"2024-10-08T15:46:00+00:00\",\"description\":\"Descubre la exquisita Soupe La Vichyssoise 400 ml, una crema artesanal de puerro y papas que cautiva con su sabor delicado y su textura sedosa..\",\"breadcrumb\":{\"@id\":\"https:\\\/\\\/agenciayork.com\\\/hdf\\\/producto\\\/soupe-la-vichyssoise-400-ml\\\/#breadcrumb\"},\"inLanguage\":\"es-CL\",\"potentialAction\":[{\"@type\":\"ReadAction\",\"target\":[\"https:\\\/\\\/agenciayork.com\\\/hdf\\\/producto\\\/soupe-la-vichyssoise-400-ml\\\/\"]}]},{\"@type\":\"ImageObject\",\"inLanguage\":\"es-CL\",\"@id\":\"https:\\\/\\\/agenciayork.com\\\/hdf\\\/producto\\\/soupe-la-vichyssoise-400-ml\\\/#primaryimage\",\"url\":\"https:\\\/\\\/agenciayork.com\\\/hdf\\\/wp-content\\\/uploads\\\/2024\\\/08\\\/sopa-vichyssoise-400.png\",\"contentUrl\":\"https:\\\/\\\/agenciayork.com\\\/hdf\\\/wp-content\\\/uploads\\\/2024\\\/08\\\/sopa-vichyssoise-400.png\",\"width\":1080,\"height\":1080,\"caption\":\"sopa vichyssoise 400\"},{\"@type\":\"BreadcrumbList\",\"@id\":\"https:\\\/\\\/agenciayork.com\\\/hdf\\\/producto\\\/soupe-la-vichyssoise-400-ml\\\/#breadcrumb\",\"itemListElement\":[{\"@type\":\"ListItem\",\"position\":1,\"name\":\"Portada\",\"item\":\"https:\\\/\\\/agenciayork.com\\\/hdf\\\/\"},{\"@type\":\"ListItem\",\"position\":2,\"name\":\"Tienda\",\"item\":\"https:\\\/\\\/agenciayork.com\\\/hdf\\\/mejores-productos-de-la-gastronomia-francesa\\\/\"},{\"@type\":\"ListItem\",\"position\":3,\"name\":\"Sopa la Vichyssoise 400 ml\"}]},{\"@type\":\"WebSite\",\"@id\":\"https:\\\/\\\/agenciayork.com\\\/hdf\\\/#website\",\"url\":\"https:\\\/\\\/agenciayork.com\\\/hdf\\\/\",\"name\":\"H\u00e9l\u00e8ne de Fleurac\",\"description\":\"Gastronom\u00eda francesa\",\"potentialAction\":[{\"@type\":\"SearchAction\",\"target\":{\"@type\":\"EntryPoint\",\"urlTemplate\":\"https:\\\/\\\/agenciayork.com\\\/hdf\\\/?s={search_term_string}\"},\"query-input\":{\"@type\":\"PropertyValueSpecification\",\"valueRequired\":true,\"valueName\":\"search_term_string\"}}],\"inLanguage\":\"es-CL\"}]}<\/script>\n<!-- \/ Yoast SEO plugin. -->","yoast_head_json":{"title":"Sopa la Vichyssoise 400 ml - H\u00e9l\u00e8ne de Fleurac","description":"Descubre la exquisita Soupe La Vichyssoise 400 ml, una crema artesanal de puerro y papas que cautiva con su sabor delicado y su textura sedosa..","robots":{"index":"index","follow":"follow","max-snippet":"max-snippet:-1","max-image-preview":"max-image-preview:large","max-video-preview":"max-video-preview:-1"},"canonical":"https:\/\/agenciayork.com\/hdf\/producto\/soupe-la-vichyssoise-400-ml\/","og_locale":"es_ES","og_type":"article","og_title":"Sopa la Vichyssoise 400 ml - H\u00e9l\u00e8ne de Fleurac","og_description":"Descubre la exquisita Soupe La Vichyssoise 400 ml, una crema artesanal de puerro y papas que cautiva con su sabor delicado y su textura sedosa..","og_url":"https:\/\/agenciayork.com\/hdf\/producto\/soupe-la-vichyssoise-400-ml\/","og_site_name":"H\u00e9l\u00e8ne de Fleurac","article_modified_time":"2024-10-08T15:46:00+00:00","og_image":[{"width":1080,"height":1080,"url":"https:\/\/agenciayork.com\/hdf\/wp-content\/uploads\/2024\/08\/sopa-vichyssoise-400.png","type":"image\/png"}],"twitter_card":"summary_large_image","twitter_misc":{"Tiempo estimado de lectura":"3 minutos"},"schema":{"@context":"https:\/\/schema.org","@graph":[{"@type":"WebPage","@id":"https:\/\/agenciayork.com\/hdf\/producto\/soupe-la-vichyssoise-400-ml\/","url":"https:\/\/agenciayork.com\/hdf\/producto\/soupe-la-vichyssoise-400-ml\/","name":"Sopa la Vichyssoise 400 ml - H\u00e9l\u00e8ne de Fleurac","isPartOf":{"@id":"https:\/\/agenciayork.com\/hdf\/#website"},"primaryImageOfPage":{"@id":"https:\/\/agenciayork.com\/hdf\/producto\/soupe-la-vichyssoise-400-ml\/#primaryimage"},"image":{"@id":"https:\/\/agenciayork.com\/hdf\/producto\/soupe-la-vichyssoise-400-ml\/#primaryimage"},"thumbnailUrl":"https:\/\/agenciayork.com\/hdf\/wp-content\/uploads\/2024\/08\/sopa-vichyssoise-400.png","datePublished":"2023-10-25T14:28:21+00:00","dateModified":"2024-10-08T15:46:00+00:00","description":"Descubre la exquisita Soupe La Vichyssoise 400 ml, una crema artesanal de puerro y papas que cautiva con su sabor delicado y su textura sedosa..","breadcrumb":{"@id":"https:\/\/agenciayork.com\/hdf\/producto\/soupe-la-vichyssoise-400-ml\/#breadcrumb"},"inLanguage":"es-CL","potentialAction":[{"@type":"ReadAction","target":["https:\/\/agenciayork.com\/hdf\/producto\/soupe-la-vichyssoise-400-ml\/"]}]},{"@type":"ImageObject","inLanguage":"es-CL","@id":"https:\/\/agenciayork.com\/hdf\/producto\/soupe-la-vichyssoise-400-ml\/#primaryimage","url":"https:\/\/agenciayork.com\/hdf\/wp-content\/uploads\/2024\/08\/sopa-vichyssoise-400.png","contentUrl":"https:\/\/agenciayork.com\/hdf\/wp-content\/uploads\/2024\/08\/sopa-vichyssoise-400.png","width":1080,"height":1080,"caption":"sopa vichyssoise 400"},{"@type":"BreadcrumbList","@id":"https:\/\/agenciayork.com\/hdf\/producto\/soupe-la-vichyssoise-400-ml\/#breadcrumb","itemListElement":[{"@type":"ListItem","position":1,"name":"Portada","item":"https:\/\/agenciayork.com\/hdf\/"},{"@type":"ListItem","position":2,"name":"Tienda","item":"https:\/\/agenciayork.com\/hdf\/mejores-productos-de-la-gastronomia-francesa\/"},{"@type":"ListItem","position":3,"name":"Sopa la Vichyssoise 400 ml"}]},{"@type":"WebSite","@id":"https:\/\/agenciayork.com\/hdf\/#website","url":"https:\/\/agenciayork.com\/hdf\/","name":"H\u00e9l\u00e8ne de Fleurac","description":"Gastronom\u00eda francesa","potentialAction":[{"@type":"SearchAction","target":{"@type":"EntryPoint","urlTemplate":"https:\/\/agenciayork.com\/hdf\/?s={search_term_string}"},"query-input":{"@type":"PropertyValueSpecification","valueRequired":true,"valueName":"search_term_string"}}],"inLanguage":"es-CL"}]}},"_links":{"self":[{"href":"https:\/\/agenciayork.com\/hdf\/wp-json\/wp\/v2\/product\/5952","targetHints":{"allow":["GET"]}}],"collection":[{"href":"https:\/\/agenciayork.com\/hdf\/wp-json\/wp\/v2\/product"}],"about":[{"href":"https:\/\/agenciayork.com\/hdf\/wp-json\/wp\/v2\/types\/product"}],"version-history":[{"count":14,"href":"https:\/\/agenciayork.com\/hdf\/wp-json\/wp\/v2\/product\/5952\/revisions"}],"predecessor-version":[{"id":11411,"href":"https:\/\/agenciayork.com\/hdf\/wp-json\/wp\/v2\/product\/5952\/revisions\/11411"}],"wp:featuredmedia":[{"embeddable":true,"href":"https:\/\/agenciayork.com\/hdf\/wp-json\/wp\/v2\/media\/11225"}],"wp:attachment":[{"href":"https:\/\/agenciayork.com\/hdf\/wp-json\/wp\/v2\/media?parent=5952"}],"wp:term":[{"taxonomy":"product_brand","embeddable":true,"href":"https:\/\/agenciayork.com\/hdf\/wp-json\/wp\/v2\/product_brand?post=5952"},{"taxonomy":"product_cat","embeddable":true,"href":"https:\/\/agenciayork.com\/hdf\/wp-json\/wp\/v2\/product_cat?post=5952"},{"taxonomy":"product_tag","embeddable":true,"href":"https:\/\/agenciayork.com\/hdf\/wp-json\/wp\/v2\/product_tag?post=5952"}],"curies":[{"name":"wp","href":"https:\/\/api.w.org\/{rel}","templated":true}]}}