{"id":8489,"date":"2024-01-11T15:57:38","date_gmt":"2024-01-11T18:57:38","guid":{"rendered":"https:\/\/agenciayork.com\/hdf\/?post_type=product&#038;p=8489"},"modified":"2024-10-10T13:21:02","modified_gmt":"2024-10-10T16:21:02","slug":"chipolata-aux-herbes","status":"publish","type":"product","link":"https:\/\/agenciayork.com\/hdf\/producto\/chipolata-aux-herbes\/","title":{"rendered":"Chipolata aux herbes"},"content":{"rendered":"\t\t<div data-elementor-type=\"wp-post\" data-elementor-id=\"8489\" class=\"elementor elementor-8489\">\n\t\t\t\t<div class=\"elementor-element elementor-element-95bc7a9 e-flex e-con-boxed e-con e-parent\" data-id=\"95bc7a9\" data-element_type=\"container\">\n\t\t\t\t\t<div class=\"e-con-inner\">\n\t\t\t\t<div class=\"elementor-element elementor-element-287f5f8 elementor-widget elementor-widget-nest-title-v1\" data-id=\"287f5f8\" data-element_type=\"widget\" data-widget_type=\"nest-title-v1.default\">\n\t\t\t\t<div class=\"elementor-widget-container\">\n\t\t\t        <div class=\"section_title type_one\">\r\n                            <h4 class=\"mb-20 text-brand\"> Chipolata aux herbes<\/h4>\r\n                                                    <p class=\"mb-20\"> Te invito a descubrir la chipolata aux herbes, un cl\u00e1sico e imperdible para hacer un asado! Esta longaniza, sazonada con hierbas finas, le dar\u00e1 un toque de frescura y sabor aut\u00e9ntico a tu parrilla. Perfecta para deleitar a todos en tus asados, es un infaltable para cualquier amante de la carne.<\/p>\r\n                    <\/div>\r\n    \t\t<\/div>\n\t\t\t\t<\/div>\n\t\t\t\t\t<\/div>\n\t\t\t\t<\/div>\n\t\t<div class=\"elementor-element elementor-element-5da4fbb e-flex e-con-boxed e-con e-parent\" data-id=\"5da4fbb\" data-element_type=\"container\">\n\t\t\t\t\t<div class=\"e-con-inner\">\n\t\t\t\t<div class=\"elementor-element elementor-element-214255b elementor-widget-divider--view-line elementor-widget elementor-widget-divider\" data-id=\"214255b\" data-element_type=\"widget\" data-widget_type=\"divider.default\">\n\t\t\t\t<div class=\"elementor-widget-container\">\n\t\t\t\t\t<div class=\"elementor-divider\">\n\t\t\t<span class=\"elementor-divider-separator\">\n\t\t\t\t\t\t<\/span>\n\t\t<\/div>\n\t\t\t\t<\/div>\n\t\t\t\t<\/div>\n\t\t\t\t\t<\/div>\n\t\t\t\t<\/div>\n\t\t<div class=\"elementor-element elementor-element-f7d13e7 e-flex e-con-boxed e-con e-parent\" data-id=\"f7d13e7\" data-element_type=\"container\">\n\t\t\t\t\t<div class=\"e-con-inner\">\n\t\t<div class=\"elementor-element elementor-element-35dfd3c e-con-full e-flex e-con e-child\" data-id=\"35dfd3c\" data-element_type=\"container\">\n\t\t\t\t<div class=\"elementor-element elementor-element-cc7e54c elementor-widget elementor-widget-image\" data-id=\"cc7e54c\" data-element_type=\"widget\" data-widget_type=\"image.default\">\n\t\t\t\t<div class=\"elementor-widget-container\">\n\t\t\t\t\t\t\t\t\t\t\t\t\t<img fetchpriority=\"high\" decoding=\"async\" width=\"300\" height=\"300\" src=\"https:\/\/agenciayork.com\/hdf\/wp-content\/uploads\/2024\/01\/Chipolata-aux-herbes-300x300.png\" class=\"attachment-medium size-medium wp-image-8673\" alt=\"Chipolata aux herbes\" srcset=\"https:\/\/agenciayork.com\/hdf\/wp-content\/uploads\/2024\/01\/Chipolata-aux-herbes-300x300.png 300w, https:\/\/agenciayork.com\/hdf\/wp-content\/uploads\/2024\/01\/Chipolata-aux-herbes-1024x1024.png 1024w, https:\/\/agenciayork.com\/hdf\/wp-content\/uploads\/2024\/01\/Chipolata-aux-herbes-150x150.png 150w, https:\/\/agenciayork.com\/hdf\/wp-content\/uploads\/2024\/01\/Chipolata-aux-herbes-768x768.png 768w, https:\/\/agenciayork.com\/hdf\/wp-content\/uploads\/2024\/01\/Chipolata-aux-herbes-600x600.png 600w, https:\/\/agenciayork.com\/hdf\/wp-content\/uploads\/2024\/01\/Chipolata-aux-herbes-100x100.png 100w, https:\/\/agenciayork.com\/hdf\/wp-content\/uploads\/2024\/01\/Chipolata-aux-herbes-50x50.png 50w, https:\/\/agenciayork.com\/hdf\/wp-content\/uploads\/2024\/01\/Chipolata-aux-herbes-64x64.png 64w, https:\/\/agenciayork.com\/hdf\/wp-content\/uploads\/2024\/01\/Chipolata-aux-herbes.png 1080w\" sizes=\"(max-width: 300px) 100vw, 300px\" \/>\t\t\t\t\t\t\t\t\t\t\t\t\t<\/div>\n\t\t\t\t<\/div>\n\t\t\t\t<\/div>\n\t\t<div class=\"elementor-element elementor-element-2b8709d e-con-full e-flex e-con e-child\" data-id=\"2b8709d\" data-element_type=\"container\">\n\t\t\t\t<div class=\"elementor-element elementor-element-a8f439d elementor-widget elementor-widget-heading\" data-id=\"a8f439d\" data-element_type=\"widget\" data-widget_type=\"heading.default\">\n\t\t\t\t<div class=\"elementor-widget-container\">\n\t\t\t<h4 class=\"elementor-heading-title elementor-size-default\">Un producto 100% artisanal y natural<\/h4>\t\t<\/div>\n\t\t\t\t<\/div>\n\t\t\t\t<div class=\"elementor-element elementor-element-6e95786 elementor-widget elementor-widget-nest-text-editor-v1\" data-id=\"6e95786\" data-element_type=\"widget\" data-widget_type=\"nest-text-editor-v1.default\">\n\t\t\t\t<div class=\"elementor-widget-container\">\n\t\t\t   <div class=\"custom_text_editor position-relative\">\r\n        <p>La Chipolata aux Herbes es una deliciosa opci\u00f3n para aquellos amantes de la buena comida que buscan una experiencia culinaria aut\u00e9ntica y llena de sabor. Esta <strong>longaniza<\/strong> de <strong>cerdo<\/strong> con <strong>hierbas<\/strong> frescas se destaca por ser un producto de <strong>fabricaci\u00f3n<\/strong> <strong>artesanal<\/strong> y <strong>100%<\/strong> <strong>natural<\/strong>, proporcionando a los consumidores una alternativa saludable y deliciosa.<\/p><p>Lo que distingue a esta chipolata es su compromiso con la <strong>calidad<\/strong>. Al ser un embutido de fabricaci\u00f3n artesanal, se garantiza que cada pieza es elaborada con cuidado y atenci\u00f3n, utilizando m\u00e9todos tradicionales que resaltan el aut\u00e9ntico <strong>sabor<\/strong> de los ingredientes. Adem\u00e1s, al ser completamente natural, el producto prescinde de aditivos artificiales, ofreciendo una opci\u00f3n m\u00e1s limpia y saludable para los que buscan alimentos menos procesados.<\/p>    <\/div>\r\n\t\t<\/div>\n\t\t\t\t<\/div>\n\t\t\t\t<\/div>\n\t\t\t\t\t<\/div>\n\t\t\t\t<\/div>\n\t\t<div class=\"elementor-element elementor-element-0f74753 e-flex e-con-boxed e-con e-parent\" data-id=\"0f74753\" data-element_type=\"container\">\n\t\t\t\t\t<div class=\"e-con-inner\">\n\t\t\t\t<div class=\"elementor-element elementor-element-b712f1b elementor-widget-divider--view-line elementor-widget elementor-widget-divider\" data-id=\"b712f1b\" data-element_type=\"widget\" data-widget_type=\"divider.default\">\n\t\t\t\t<div class=\"elementor-widget-container\">\n\t\t\t\t\t<div class=\"elementor-divider\">\n\t\t\t<span class=\"elementor-divider-separator\">\n\t\t\t\t\t\t<\/span>\n\t\t<\/div>\n\t\t\t\t<\/div>\n\t\t\t\t<\/div>\n\t\t\t\t\t<\/div>\n\t\t\t\t<\/div>\n\t\t<div class=\"elementor-element elementor-element-73cced2 e-flex e-con-boxed e-con e-parent\" data-id=\"73cced2\" data-element_type=\"container\">\n\t\t\t\t\t<div class=\"e-con-inner\">\n\t\t<div class=\"elementor-element elementor-element-8b3d591 e-con-full e-flex e-con e-child\" data-id=\"8b3d591\" data-element_type=\"container\">\n\t\t\t\t<div class=\"elementor-element elementor-element-ed14037 elementor-widget elementor-widget-heading\" data-id=\"ed14037\" data-element_type=\"widget\" data-widget_type=\"heading.default\">\n\t\t\t\t<div class=\"elementor-widget-container\">\n\t\t\t<h4 class=\"elementor-heading-title elementor-size-default\">El producto perfecto para un asado<\/h4>\t\t<\/div>\n\t\t\t\t<\/div>\n\t\t\t\t<div class=\"elementor-element elementor-element-7872a12 elementor-widget elementor-widget-nest-text-editor-v1\" data-id=\"7872a12\" data-element_type=\"widget\" data-widget_type=\"nest-text-editor-v1.default\">\n\t\t\t\t<div class=\"elementor-widget-container\">\n\t\t\t   <div class=\"custom_text_editor position-relative\">\r\n        <p>La Chipolata aux Herbes se enorgullece de utilizar tripas naturales en su elaboraci\u00f3n, lo que contribuye a su autenticidad y a la calidad de su sabor. Este detalle, junto con su bajo contenido en grasa, la convierte en una elecci\u00f3n apetitosa para aquellos que desean disfrutar de una <strong>experiencia<\/strong> <strong>gastron\u00f3mica<\/strong> satisfactoria sin comprometer su bienestar.<\/p><p>Cada paquete de Chipolata aux Herbes tiene un peso de 500 gramos, ofreciendo una cantidad generosa para compartir en comidas familiares o entre amigos. Adem\u00e1s, al tratarse de un producto <strong>congelado<\/strong>, se asegura la frescura y <strong>durabilidad<\/strong> del embutido, permitiendo a los consumidores disfrutar de su exquisito sabor en cualquier momento que deseen, sin preocuparse por la fecha de vencimiento.<\/p>    <\/div>\r\n\t\t<\/div>\n\t\t\t\t<\/div>\n\t\t\t\t<\/div>\n\t\t<div class=\"elementor-element elementor-element-757e516 e-con-full e-flex e-con e-child\" data-id=\"757e516\" data-element_type=\"container\">\n\t\t\t\t<div class=\"elementor-element elementor-element-2d47f1d elementor-widget elementor-widget-image\" data-id=\"2d47f1d\" data-element_type=\"widget\" data-widget_type=\"image.default\">\n\t\t\t\t<div class=\"elementor-widget-container\">\n\t\t\t\t\t\t\t\t\t\t\t\t\t<img decoding=\"async\" width=\"300\" height=\"300\" src=\"https:\/\/agenciayork.com\/hdf\/wp-content\/uploads\/2024\/01\/Chipolata-aux-herbes-300x300.jpg\" class=\"attachment-medium size-medium wp-image-8490\" alt=\"Chipolata aux herbes\" srcset=\"https:\/\/agenciayork.com\/hdf\/wp-content\/uploads\/2024\/01\/Chipolata-aux-herbes-300x300.jpg 300w, https:\/\/agenciayork.com\/hdf\/wp-content\/uploads\/2024\/01\/Chipolata-aux-herbes-1024x1024.jpg 1024w, https:\/\/agenciayork.com\/hdf\/wp-content\/uploads\/2024\/01\/Chipolata-aux-herbes-150x150.jpg 150w, https:\/\/agenciayork.com\/hdf\/wp-content\/uploads\/2024\/01\/Chipolata-aux-herbes-768x768.jpg 768w, https:\/\/agenciayork.com\/hdf\/wp-content\/uploads\/2024\/01\/Chipolata-aux-herbes-600x600.jpg 600w, https:\/\/agenciayork.com\/hdf\/wp-content\/uploads\/2024\/01\/Chipolata-aux-herbes-100x100.jpg 100w, https:\/\/agenciayork.com\/hdf\/wp-content\/uploads\/2024\/01\/Chipolata-aux-herbes-50x50.jpg 50w, https:\/\/agenciayork.com\/hdf\/wp-content\/uploads\/2024\/01\/Chipolata-aux-herbes-64x64.jpg 64w, https:\/\/agenciayork.com\/hdf\/wp-content\/uploads\/2024\/01\/Chipolata-aux-herbes.jpg 1080w\" sizes=\"(max-width: 300px) 100vw, 300px\" \/>\t\t\t\t\t\t\t\t\t\t\t\t\t<\/div>\n\t\t\t\t<\/div>\n\t\t\t\t<\/div>\n\t\t\t\t\t<\/div>\n\t\t\t\t<\/div>\n\t\t\t\t<\/div>\n\t\t","protected":false},"excerpt":{"rendered":"<p>Longaniza de cerdo con hierbas frescas<\/p>\n<p><span>Embutidos<\/span>\u00a0de fabricaci\u00f3n artesanal &amp; 100% natural<\/p>\n<p>Sin aditivos, bajo en grasa, tripas naturales<\/p>\n<p><strong>Peso: 500 gr<br \/>\nProducto congelado<\/strong><\/p>\n","protected":false},"featured_media":8673,"template":"","meta":[],"product_brand":[],"product_cat":[113,114,175,183],"product_tag":[],"class_list":{"0":"post-8489","1":"product","2":"type-product","3":"status-publish","4":"has-post-thumbnail","6":"product_cat-charcuteria","7":"product_cat-charcuteria-y-quesos","8":"product_cat-especial-parrilla","9":"product_cat-prepara-tu-18","11":"first","12":"instock","13":"shipping-taxable","14":"purchasable","15":"product-type-simple"},"yoast_head":"<!-- This site is optimized with the Yoast SEO plugin v27.5 - https:\/\/yoast.com\/product\/yoast-seo-wordpress\/ -->\n<title>Chipolata aux herbes - H\u00e9l\u00e8ne de Fleurac<\/title>\n<meta name=\"description\" content=\"Descubre la exquisita Chipolata aux Herbes, una longaniza de cerdo con hierbas frescas de fabricaci\u00f3n artesanal y 100% natural.\" \/>\n<meta name=\"robots\" content=\"index, follow, max-snippet:-1, max-image-preview:large, max-video-preview:-1\" \/>\n<link rel=\"canonical\" href=\"https:\/\/agenciayork.com\/hdf\/producto\/chipolata-aux-herbes\/\" \/>\n<meta property=\"og:locale\" content=\"es_ES\" \/>\n<meta property=\"og:type\" content=\"article\" \/>\n<meta property=\"og:title\" content=\"Chipolata aux herbes - H\u00e9l\u00e8ne de Fleurac\" \/>\n<meta property=\"og:description\" content=\"Descubre la exquisita Chipolata aux Herbes, una longaniza de cerdo con hierbas frescas de fabricaci\u00f3n artesanal y 100% natural.\" \/>\n<meta property=\"og:url\" content=\"https:\/\/agenciayork.com\/hdf\/producto\/chipolata-aux-herbes\/\" \/>\n<meta property=\"og:site_name\" content=\"H\u00e9l\u00e8ne de Fleurac\" \/>\n<meta property=\"article:modified_time\" content=\"2024-10-10T16:21:02+00:00\" \/>\n<meta property=\"og:image\" content=\"https:\/\/agenciayork.com\/hdf\/wp-content\/uploads\/2024\/01\/Chipolata-aux-herbes.png\" \/>\n\t<meta property=\"og:image:width\" content=\"1080\" \/>\n\t<meta property=\"og:image:height\" content=\"1080\" \/>\n\t<meta property=\"og:image:type\" content=\"image\/png\" \/>\n<meta name=\"twitter:card\" content=\"summary_large_image\" \/>\n<meta name=\"twitter:label1\" content=\"Tiempo estimado de lectura\" \/>\n\t<meta name=\"twitter:data1\" content=\"3 minutos\" \/>\n<script type=\"application\/ld+json\" class=\"yoast-schema-graph\">{\"@context\":\"https:\\\/\\\/schema.org\",\"@graph\":[{\"@type\":\"WebPage\",\"@id\":\"https:\\\/\\\/agenciayork.com\\\/hdf\\\/producto\\\/chipolata-aux-herbes\\\/\",\"url\":\"https:\\\/\\\/agenciayork.com\\\/hdf\\\/producto\\\/chipolata-aux-herbes\\\/\",\"name\":\"Chipolata aux herbes - H\u00e9l\u00e8ne de Fleurac\",\"isPartOf\":{\"@id\":\"https:\\\/\\\/agenciayork.com\\\/hdf\\\/#website\"},\"primaryImageOfPage\":{\"@id\":\"https:\\\/\\\/agenciayork.com\\\/hdf\\\/producto\\\/chipolata-aux-herbes\\\/#primaryimage\"},\"image\":{\"@id\":\"https:\\\/\\\/agenciayork.com\\\/hdf\\\/producto\\\/chipolata-aux-herbes\\\/#primaryimage\"},\"thumbnailUrl\":\"https:\\\/\\\/agenciayork.com\\\/hdf\\\/wp-content\\\/uploads\\\/2024\\\/01\\\/Chipolata-aux-herbes.png\",\"datePublished\":\"2024-01-11T18:57:38+00:00\",\"dateModified\":\"2024-10-10T16:21:02+00:00\",\"description\":\"Descubre la exquisita Chipolata aux Herbes, una longaniza de cerdo con hierbas frescas de fabricaci\u00f3n artesanal y 100% natural.\",\"breadcrumb\":{\"@id\":\"https:\\\/\\\/agenciayork.com\\\/hdf\\\/producto\\\/chipolata-aux-herbes\\\/#breadcrumb\"},\"inLanguage\":\"es-CL\",\"potentialAction\":[{\"@type\":\"ReadAction\",\"target\":[\"https:\\\/\\\/agenciayork.com\\\/hdf\\\/producto\\\/chipolata-aux-herbes\\\/\"]}]},{\"@type\":\"ImageObject\",\"inLanguage\":\"es-CL\",\"@id\":\"https:\\\/\\\/agenciayork.com\\\/hdf\\\/producto\\\/chipolata-aux-herbes\\\/#primaryimage\",\"url\":\"https:\\\/\\\/agenciayork.com\\\/hdf\\\/wp-content\\\/uploads\\\/2024\\\/01\\\/Chipolata-aux-herbes.png\",\"contentUrl\":\"https:\\\/\\\/agenciayork.com\\\/hdf\\\/wp-content\\\/uploads\\\/2024\\\/01\\\/Chipolata-aux-herbes.png\",\"width\":1080,\"height\":1080,\"caption\":\"Chipolata aux herbes\"},{\"@type\":\"BreadcrumbList\",\"@id\":\"https:\\\/\\\/agenciayork.com\\\/hdf\\\/producto\\\/chipolata-aux-herbes\\\/#breadcrumb\",\"itemListElement\":[{\"@type\":\"ListItem\",\"position\":1,\"name\":\"Portada\",\"item\":\"https:\\\/\\\/agenciayork.com\\\/hdf\\\/\"},{\"@type\":\"ListItem\",\"position\":2,\"name\":\"Tienda\",\"item\":\"https:\\\/\\\/agenciayork.com\\\/hdf\\\/mejores-productos-de-la-gastronomia-francesa\\\/\"},{\"@type\":\"ListItem\",\"position\":3,\"name\":\"Chipolata aux herbes\"}]},{\"@type\":\"WebSite\",\"@id\":\"https:\\\/\\\/agenciayork.com\\\/hdf\\\/#website\",\"url\":\"https:\\\/\\\/agenciayork.com\\\/hdf\\\/\",\"name\":\"H\u00e9l\u00e8ne de Fleurac\",\"description\":\"Gastronom\u00eda francesa\",\"potentialAction\":[{\"@type\":\"SearchAction\",\"target\":{\"@type\":\"EntryPoint\",\"urlTemplate\":\"https:\\\/\\\/agenciayork.com\\\/hdf\\\/?s={search_term_string}\"},\"query-input\":{\"@type\":\"PropertyValueSpecification\",\"valueRequired\":true,\"valueName\":\"search_term_string\"}}],\"inLanguage\":\"es-CL\"}]}<\/script>\n<!-- \/ Yoast SEO plugin. -->","yoast_head_json":{"title":"Chipolata aux herbes - H\u00e9l\u00e8ne de Fleurac","description":"Descubre la exquisita Chipolata aux Herbes, una longaniza de cerdo con hierbas frescas de fabricaci\u00f3n artesanal y 100% natural.","robots":{"index":"index","follow":"follow","max-snippet":"max-snippet:-1","max-image-preview":"max-image-preview:large","max-video-preview":"max-video-preview:-1"},"canonical":"https:\/\/agenciayork.com\/hdf\/producto\/chipolata-aux-herbes\/","og_locale":"es_ES","og_type":"article","og_title":"Chipolata aux herbes - H\u00e9l\u00e8ne de Fleurac","og_description":"Descubre la exquisita Chipolata aux Herbes, una longaniza de cerdo con hierbas frescas de fabricaci\u00f3n artesanal y 100% natural.","og_url":"https:\/\/agenciayork.com\/hdf\/producto\/chipolata-aux-herbes\/","og_site_name":"H\u00e9l\u00e8ne de Fleurac","article_modified_time":"2024-10-10T16:21:02+00:00","og_image":[{"width":1080,"height":1080,"url":"https:\/\/agenciayork.com\/hdf\/wp-content\/uploads\/2024\/01\/Chipolata-aux-herbes.png","type":"image\/png"}],"twitter_card":"summary_large_image","twitter_misc":{"Tiempo estimado de lectura":"3 minutos"},"schema":{"@context":"https:\/\/schema.org","@graph":[{"@type":"WebPage","@id":"https:\/\/agenciayork.com\/hdf\/producto\/chipolata-aux-herbes\/","url":"https:\/\/agenciayork.com\/hdf\/producto\/chipolata-aux-herbes\/","name":"Chipolata aux herbes - H\u00e9l\u00e8ne de Fleurac","isPartOf":{"@id":"https:\/\/agenciayork.com\/hdf\/#website"},"primaryImageOfPage":{"@id":"https:\/\/agenciayork.com\/hdf\/producto\/chipolata-aux-herbes\/#primaryimage"},"image":{"@id":"https:\/\/agenciayork.com\/hdf\/producto\/chipolata-aux-herbes\/#primaryimage"},"thumbnailUrl":"https:\/\/agenciayork.com\/hdf\/wp-content\/uploads\/2024\/01\/Chipolata-aux-herbes.png","datePublished":"2024-01-11T18:57:38+00:00","dateModified":"2024-10-10T16:21:02+00:00","description":"Descubre la exquisita Chipolata aux Herbes, una longaniza de cerdo con hierbas frescas de fabricaci\u00f3n artesanal y 100% natural.","breadcrumb":{"@id":"https:\/\/agenciayork.com\/hdf\/producto\/chipolata-aux-herbes\/#breadcrumb"},"inLanguage":"es-CL","potentialAction":[{"@type":"ReadAction","target":["https:\/\/agenciayork.com\/hdf\/producto\/chipolata-aux-herbes\/"]}]},{"@type":"ImageObject","inLanguage":"es-CL","@id":"https:\/\/agenciayork.com\/hdf\/producto\/chipolata-aux-herbes\/#primaryimage","url":"https:\/\/agenciayork.com\/hdf\/wp-content\/uploads\/2024\/01\/Chipolata-aux-herbes.png","contentUrl":"https:\/\/agenciayork.com\/hdf\/wp-content\/uploads\/2024\/01\/Chipolata-aux-herbes.png","width":1080,"height":1080,"caption":"Chipolata aux herbes"},{"@type":"BreadcrumbList","@id":"https:\/\/agenciayork.com\/hdf\/producto\/chipolata-aux-herbes\/#breadcrumb","itemListElement":[{"@type":"ListItem","position":1,"name":"Portada","item":"https:\/\/agenciayork.com\/hdf\/"},{"@type":"ListItem","position":2,"name":"Tienda","item":"https:\/\/agenciayork.com\/hdf\/mejores-productos-de-la-gastronomia-francesa\/"},{"@type":"ListItem","position":3,"name":"Chipolata aux herbes"}]},{"@type":"WebSite","@id":"https:\/\/agenciayork.com\/hdf\/#website","url":"https:\/\/agenciayork.com\/hdf\/","name":"H\u00e9l\u00e8ne de Fleurac","description":"Gastronom\u00eda francesa","potentialAction":[{"@type":"SearchAction","target":{"@type":"EntryPoint","urlTemplate":"https:\/\/agenciayork.com\/hdf\/?s={search_term_string}"},"query-input":{"@type":"PropertyValueSpecification","valueRequired":true,"valueName":"search_term_string"}}],"inLanguage":"es-CL"}]}},"_links":{"self":[{"href":"https:\/\/agenciayork.com\/hdf\/wp-json\/wp\/v2\/product\/8489","targetHints":{"allow":["GET"]}}],"collection":[{"href":"https:\/\/agenciayork.com\/hdf\/wp-json\/wp\/v2\/product"}],"about":[{"href":"https:\/\/agenciayork.com\/hdf\/wp-json\/wp\/v2\/types\/product"}],"version-history":[{"count":9,"href":"https:\/\/agenciayork.com\/hdf\/wp-json\/wp\/v2\/product\/8489\/revisions"}],"predecessor-version":[{"id":11848,"href":"https:\/\/agenciayork.com\/hdf\/wp-json\/wp\/v2\/product\/8489\/revisions\/11848"}],"wp:featuredmedia":[{"embeddable":true,"href":"https:\/\/agenciayork.com\/hdf\/wp-json\/wp\/v2\/media\/8673"}],"wp:attachment":[{"href":"https:\/\/agenciayork.com\/hdf\/wp-json\/wp\/v2\/media?parent=8489"}],"wp:term":[{"taxonomy":"product_brand","embeddable":true,"href":"https:\/\/agenciayork.com\/hdf\/wp-json\/wp\/v2\/product_brand?post=8489"},{"taxonomy":"product_cat","embeddable":true,"href":"https:\/\/agenciayork.com\/hdf\/wp-json\/wp\/v2\/product_cat?post=8489"},{"taxonomy":"product_tag","embeddable":true,"href":"https:\/\/agenciayork.com\/hdf\/wp-json\/wp\/v2\/product_tag?post=8489"}],"curies":[{"name":"wp","href":"https:\/\/api.w.org\/{rel}","templated":true}]}}